{"id":1659,"date":"2025-05-13T10:57:46","date_gmt":"2025-05-13T08:57:46","guid":{"rendered":"https:\/\/groupenuits.com\/?page_id=1659"},"modified":"2025-05-23T14:25:58","modified_gmt":"2025-05-23T12:25:58","slug":"studio","status":"publish","type":"page","link":"https:\/\/groupenuits.com\/index.php\/studio\/","title":{"rendered":"Studio"},"content":{"rendered":"\n<p><strong>Le studio<\/strong> <strong><em>La place<\/em> est un p\u00f4le de cr\u00e9ation d\u00e9di\u00e9 aux arts du mouvement \u00e0 Bourg-en-Bresse.<\/strong><\/p>\n\n\n\n<p><em>La place<\/em>, se veut \u00eatre un p\u00f4le culturel associatif tourn\u00e9 vers les habitant.e.s : <br>un lieu pour les arts du mouvements,<br>un lieu o\u00f9 se c\u00f4toient cultures et convivialit\u00e9,<br>un lieu de recherche et de cr\u00e9ation pour les artistes \u00e9mergents professionnels, un lieu o\u00f9 l\u2019on pratique, regarde, d\u00e9bat, mange, rit, danse&#8230;<br>un lieu ouvert populaire accueillant et chaleureux,<br>un lieu o\u00f9 l\u2019on aiguise son esprit critique dans un climat d\u00e9tendu, o\u00f9 l\u2019on partage des aventures artistiques, des \u00e9motions du sensible, ensemble !<\/p>\n\n\n\n<p><em>La place<\/em> est un espace qui favorise le lien :<br>lien social : ouvert \u00e0 diff\u00e9rentes types de population et diff\u00e9rents \u00e2ges (le jeune public, les seniors, la petite enfance, les familles, la sant\u00e9&#8230;)<br>lien entre artistes et publics<br>lien par les arts et les cultures<br>lien avec les structures culturelles et les compagnies du territoire et celles accueillies \u00e0 La place.<\/p>\n\n\n\n<div class=\"wp-block-columns is-layout-flex wp-container-core-columns-is-layout-1 wp-block-columns-is-layout-flex\">\n<div class=\"wp-block-column is-layout-flow wp-block-column-is-layout-flow\">\n<figure class=\"wp-block-image size-large\"><img loading=\"lazy\" decoding=\"async\" width=\"768\" height=\"1024\" src=\"https:\/\/groupenuits.com\/wp-content\/uploads\/2025\/05\/20230401_115418-1-768x1024.jpg\" alt=\"\" class=\"wp-image-1753\" srcset=\"https:\/\/groupenuits.com\/wp-content\/uploads\/2025\/05\/20230401_115418-1-768x1024.jpg 768w, https:\/\/groupenuits.com\/wp-content\/uploads\/2025\/05\/20230401_115418-1-225x300.jpg 225w, https:\/\/groupenuits.com\/wp-content\/uploads\/2025\/05\/20230401_115418-1-1152x1536.jpg 1152w, https:\/\/groupenuits.com\/wp-content\/uploads\/2025\/05\/20230401_115418-1-1536x2048.jpg 1536w, https:\/\/groupenuits.com\/wp-content\/uploads\/2025\/05\/20230401_115418-1-scaled.jpg 1920w\" sizes=\"(max-width: 768px) 100vw, 768px\" \/><\/figure>\n<\/div>\n\n\n\n<div class=\"wp-block-column is-layout-flow wp-block-column-is-layout-flow\">\n<figure class=\"wp-block-image size-large\"><img loading=\"lazy\" decoding=\"async\" width=\"1024\" height=\"768\" src=\"https:\/\/groupenuits.com\/wp-content\/uploads\/2025\/05\/20230401_115315-1024x768.jpg\" alt=\"\" class=\"wp-image-1754\" srcset=\"https:\/\/groupenuits.com\/wp-content\/uploads\/2025\/05\/20230401_115315-1024x768.jpg 1024w, https:\/\/groupenuits.com\/wp-content\/uploads\/2025\/05\/20230401_115315-300x225.jpg 300w, https:\/\/groupenuits.com\/wp-content\/uploads\/2025\/05\/20230401_115315-768x576.jpg 768w, https:\/\/groupenuits.com\/wp-content\/uploads\/2025\/05\/20230401_115315-1536x1152.jpg 1536w, https:\/\/groupenuits.com\/wp-content\/uploads\/2025\/05\/20230401_115315-2048x1536.jpg 2048w\" sizes=\"(max-width: 1024px) 100vw, 1024px\" \/><\/figure>\n<\/div>\n\n\n\n<div class=\"wp-block-column is-layout-flow wp-block-column-is-layout-flow\">\n<figure class=\"wp-block-image size-large\"><img loading=\"lazy\" decoding=\"async\" width=\"1024\" height=\"768\" src=\"https:\/\/groupenuits.com\/wp-content\/uploads\/2025\/05\/20230401_115329-1024x768.jpg\" alt=\"\" class=\"wp-image-1756\" srcset=\"https:\/\/groupenuits.com\/wp-content\/uploads\/2025\/05\/20230401_115329-1024x768.jpg 1024w, https:\/\/groupenuits.com\/wp-content\/uploads\/2025\/05\/20230401_115329-300x225.jpg 300w, https:\/\/groupenuits.com\/wp-content\/uploads\/2025\/05\/20230401_115329-768x576.jpg 768w, https:\/\/groupenuits.com\/wp-content\/uploads\/2025\/05\/20230401_115329-1536x1152.jpg 1536w, https:\/\/groupenuits.com\/wp-content\/uploads\/2025\/05\/20230401_115329-2048x1536.jpg 2048w\" sizes=\"(max-width: 1024px) 100vw, 1024px\" \/><\/figure>\n<\/div>\n<\/div>\n","protected":false},"excerpt":{"rendered":"<p>Le studio La place est un p\u00f4le de cr\u00e9ation d\u00e9di\u00e9 aux arts du mouvement \u00e0 Bourg-en-Bresse. La place, se veut \u00eatre un p\u00f4le culturel associatif tourn\u00e9 vers les habitant.e.s : un lieu pour les arts du mouvements,un lieu o\u00f9 se c\u00f4toient cultures et convivialit\u00e9,un lieu de recherche et de cr\u00e9ation pour les artistes \u00e9mergents professionnels,&hellip;&nbsp;<a href=\"https:\/\/groupenuits.com\/index.php\/studio\/\" rel=\"bookmark\">Lire la suite &raquo;<span class=\"screen-reader-text\">Studio<\/span><\/a><\/p>\n","protected":false},"author":1,"featured_media":0,"parent":0,"menu_order":0,"comment_status":"closed","ping_status":"closed","template":"","meta":{"neve_meta_sidebar":"","neve_meta_container":"","neve_meta_enable_content_width":"","neve_meta_content_width":0,"neve_meta_title_alignment":"","neve_meta_author_avatar":"","neve_post_elements_order":"","neve_meta_disable_header":"off","neve_meta_disable_footer":"","neve_meta_disable_title":"on","footnotes":""},"_links":{"self":[{"href":"https:\/\/groupenuits.com\/index.php\/wp-json\/wp\/v2\/pages\/1659"}],"collection":[{"href":"https:\/\/groupenuits.com\/index.php\/wp-json\/wp\/v2\/pages"}],"about":[{"href":"https:\/\/groupenuits.com\/index.php\/wp-json\/wp\/v2\/types\/page"}],"author":[{"embeddable":true,"href":"https:\/\/groupenuits.com\/index.php\/wp-json\/wp\/v2\/users\/1"}],"replies":[{"embeddable":true,"href":"https:\/\/groupenuits.com\/index.php\/wp-json\/wp\/v2\/comments?post=1659"}],"version-history":[{"count":8,"href":"https:\/\/groupenuits.com\/index.php\/wp-json\/wp\/v2\/pages\/1659\/revisions"}],"predecessor-version":[{"id":1758,"href":"https:\/\/groupenuits.com\/index.php\/wp-json\/wp\/v2\/pages\/1659\/revisions\/1758"}],"wp:attachment":[{"href":"https:\/\/groupenuits.com\/index.php\/wp-json\/wp\/v2\/media?parent=1659"}],"curies":[{"name":"wp","href":"https:\/\/api.w.org\/{rel}","templated":true}]}}