{"id":1785,"date":"2025-05-21T18:12:47","date_gmt":"2025-05-21T16:12:47","guid":{"rendered":"https:\/\/groupenuits.com\/?page_id=1785"},"modified":"2025-05-21T18:21:20","modified_gmt":"2025-05-21T16:21:20","slug":"grand-boom","status":"publish","type":"page","link":"https:\/\/groupenuits.com\/index.php\/grand-boom\/","title":{"rendered":"grand boom"},"content":{"rendered":"\n<div class=\"wp-block-columns is-layout-flex wp-container-core-columns-is-layout-1 wp-block-columns-is-layout-flex\">\n<div class=\"wp-block-column is-layout-flow wp-block-column-is-layout-flow\" style=\"flex-basis:66.66%\">\n<p>Entrez dans la danse et rejoignez l\u2019effervescence de <em>GRAND BOOM<\/em>&nbsp;!<br>\u00c7a commence comme un spectacle qui d\u00e9rape et vire \u00e0 la&nbsp;boom. Une jubilation collective qui&nbsp;entra\u00eene le public dans un tourbillon de paillettes et de flow !&nbsp;Dans cette f\u00e9\u00e9rie visuelle, chacun \u2013 ind\u00e9pendamment de son genre, de ses origines, de son \u00e2ge, de ses capacit\u00e9s, de son style ou de ses pr\u00e9f\u00e9rences \u2013 trouve sa place. L\u2019espace se transforme alors en un terrain de jeu \u00e9clatant d\u2019\u00e9nergie contagieuse o\u00f9 chacun est invit\u00e9 \u00e0 se lib\u00e9rer et \u00e0 se d\u00e9hancher, cr\u00e9ant une place festive et joyeuse.<\/p>\n\n\n\n<p><strong>Conception<\/strong> \u00a0Astrid Mayer\u00a0&amp;\u00a0Rapha\u00ebl Billet<br><strong>Distribution<\/strong> en alternance entre Laura Delande, Sandrine Roldan, Astrid Mayer &amp; Rapha\u00ebl Billet<\/p>\n\n\n\n<p><strong>Une initiation est pr\u00e9vue en amont du spectacle pour rendre complices quelques personnes pendant la boom&nbsp;<\/strong><br><em>Tu veux danser, participer \u00e0 une performance d\u00e9jant\u00e9e et remplie de surprises\u202f? Tu aimes danser le disco, la house ou encore le lindy hop\u2009? Rejoins l\u2019\u00e9quipe artistique pour galvaniser cette grande boom !<\/em><\/p>\n<\/div>\n\n\n\n<div class=\"wp-block-column is-layout-flow wp-block-column-is-layout-flow\" style=\"flex-basis:33.33%\">\n<figure class=\"wp-block-image size-large\"><img loading=\"lazy\" decoding=\"async\" width=\"1024\" height=\"683\" src=\"https:\/\/groupenuits.com\/wp-content\/uploads\/2025\/05\/240714_Bal14-7o\u00b0Marianne-Cuomo_CollectifDesFlousFurieux-21-1024x683.jpg\" alt=\"\" class=\"wp-image-1788\" srcset=\"https:\/\/groupenuits.com\/wp-content\/uploads\/2025\/05\/240714_Bal14-7o\u00b0Marianne-Cuomo_CollectifDesFlousFurieux-21-1024x683.jpg 1024w, https:\/\/groupenuits.com\/wp-content\/uploads\/2025\/05\/240714_Bal14-7o\u00b0Marianne-Cuomo_CollectifDesFlousFurieux-21-300x200.jpg 300w, https:\/\/groupenuits.com\/wp-content\/uploads\/2025\/05\/240714_Bal14-7o\u00b0Marianne-Cuomo_CollectifDesFlousFurieux-21-768x512.jpg 768w, https:\/\/groupenuits.com\/wp-content\/uploads\/2025\/05\/240714_Bal14-7o\u00b0Marianne-Cuomo_CollectifDesFlousFurieux-21-930x620.jpg 930w, https:\/\/groupenuits.com\/wp-content\/uploads\/2025\/05\/240714_Bal14-7o\u00b0Marianne-Cuomo_CollectifDesFlousFurieux-21.jpg 1500w\" sizes=\"(max-width: 1024px) 100vw, 1024px\" \/><\/figure>\n\n\n\n<figure class=\"wp-block-image size-large\"><img loading=\"lazy\" decoding=\"async\" width=\"1024\" height=\"683\" src=\"https:\/\/groupenuits.com\/wp-content\/uploads\/2025\/05\/garanceli-BalPop-14juil24-subs-0059-1024x683.jpg\" alt=\"\" class=\"wp-image-1789\" srcset=\"https:\/\/groupenuits.com\/wp-content\/uploads\/2025\/05\/garanceli-BalPop-14juil24-subs-0059-1024x683.jpg 1024w, https:\/\/groupenuits.com\/wp-content\/uploads\/2025\/05\/garanceli-BalPop-14juil24-subs-0059-300x200.jpg 300w, https:\/\/groupenuits.com\/wp-content\/uploads\/2025\/05\/garanceli-BalPop-14juil24-subs-0059-768x512.jpg 768w, https:\/\/groupenuits.com\/wp-content\/uploads\/2025\/05\/garanceli-BalPop-14juil24-subs-0059-930x620.jpg 930w, https:\/\/groupenuits.com\/wp-content\/uploads\/2025\/05\/garanceli-BalPop-14juil24-subs-0059.jpg 1080w\" sizes=\"(max-width: 1024px) 100vw, 1024px\" \/><\/figure>\n<\/div>\n<\/div>\n","protected":false},"excerpt":{"rendered":"<p>Entrez dans la danse et rejoignez l\u2019effervescence de GRAND BOOM&nbsp;!\u00c7a commence comme un spectacle qui d\u00e9rape et vire \u00e0 la&nbsp;boom. Une jubilation collective qui&nbsp;entra\u00eene le public dans un tourbillon de paillettes et de flow !&nbsp;Dans cette f\u00e9\u00e9rie visuelle, chacun \u2013 ind\u00e9pendamment de son genre, de ses origines, de son \u00e2ge, de ses capacit\u00e9s, de son&hellip;&nbsp;<a href=\"https:\/\/groupenuits.com\/index.php\/grand-boom\/\" rel=\"bookmark\">Lire la suite &raquo;<span class=\"screen-reader-text\">grand boom<\/span><\/a><\/p>\n","protected":false},"author":1,"featured_media":0,"parent":0,"menu_order":0,"comment_status":"closed","ping_status":"closed","template":"","meta":{"neve_meta_sidebar":"","neve_meta_container":"","neve_meta_enable_content_width":"","neve_meta_content_width":0,"neve_meta_title_alignment":"","neve_meta_author_avatar":"","neve_post_elements_order":"","neve_meta_disable_header":"","neve_meta_disable_footer":"","neve_meta_disable_title":"on","footnotes":""},"_links":{"self":[{"href":"https:\/\/groupenuits.com\/index.php\/wp-json\/wp\/v2\/pages\/1785"}],"collection":[{"href":"https:\/\/groupenuits.com\/index.php\/wp-json\/wp\/v2\/pages"}],"about":[{"href":"https:\/\/groupenuits.com\/index.php\/wp-json\/wp\/v2\/types\/page"}],"author":[{"embeddable":true,"href":"https:\/\/groupenuits.com\/index.php\/wp-json\/wp\/v2\/users\/1"}],"replies":[{"embeddable":true,"href":"https:\/\/groupenuits.com\/index.php\/wp-json\/wp\/v2\/comments?post=1785"}],"version-history":[{"count":5,"href":"https:\/\/groupenuits.com\/index.php\/wp-json\/wp\/v2\/pages\/1785\/revisions"}],"predecessor-version":[{"id":1794,"href":"https:\/\/groupenuits.com\/index.php\/wp-json\/wp\/v2\/pages\/1785\/revisions\/1794"}],"wp:attachment":[{"href":"https:\/\/groupenuits.com\/index.php\/wp-json\/wp\/v2\/media?parent=1785"}],"curies":[{"name":"wp","href":"https:\/\/api.w.org\/{rel}","templated":true}]}}