{"id":1796,"date":"2025-05-21T18:24:37","date_gmt":"2025-05-21T16:24:37","guid":{"rendered":"https:\/\/groupenuits.com\/?page_id=1796"},"modified":"2026-04-09T18:44:34","modified_gmt":"2026-04-09T16:44:34","slug":"fragile","status":"publish","type":"page","link":"https:\/\/groupenuits.com\/index.php\/fragile\/","title":{"rendered":"fragile"},"content":{"rendered":"\n<div class=\"wp-block-columns is-layout-flex wp-container-core-columns-is-layout-1 wp-block-columns-is-layout-flex\">\n<div class=\"wp-block-column is-layout-flow wp-block-column-is-layout-flow\">\n<h2 class=\"wp-block-heading\">Fragile &#8211; cr\u00e9ation 2026<\/h2>\n\n\n\n<p><em>Fragile<\/em>, na\u00eet du constat, plut\u00f4t amer, d\u2019une soci\u00e9t\u00e9 contemporaine qui mise sur le toujours plus, et pr\u00f4ne le culte de la performance et l\u2019injonction \u00e0 la r\u00e9ussite dans laquelle il est devenu&nbsp;compliqu\u00e9, voire impossible de d\u00e9voiler ses fragilit\u00e9s pourtant constitutives et qui permettent de s\u2019exprimer et de s\u2019assumer pleinement en tant qu\u2019individu.&nbsp;<\/p>\n\n\n\n<p>Avec&nbsp;<em>Fragile<\/em>, Astrid Mayer &amp; Rapha\u00ebl Billet souhaitent remettre la fragilit\u00e9 au centre de nos pr\u00e9occupations, et r\u00e9affirmer l\u2019importance du groupe, de la relation, du partage, de la sensibilit\u00e9 et de la communication.&nbsp;Iels&nbsp;ont&nbsp;\u00e0&nbsp;coeur&nbsp;de parler des fragilit\u00e9s \u00e9motionnelles et relationnelles dans un rapport intime, avec le plus petit groupe qui soit : le duo. Un duo qui \u00e9volue dans un environnement instable, o\u00f9 accidents et ruptures vont d\u00e9voiler les failles des deux interpr\u00e8tes, faire appara\u00eetre leurs doutes et&nbsp;modifier leur relation.<\/p>\n\n\n\n<p>cr\u00e9ation danse\/cirque bi-frontale <br>dehors &#8211; dedans &#8211; pour lieux non-d\u00e9di\u00e9s &amp; espaces publics<br>dur\u00e9e 55 min <br>tout public \u00e0 partir de 8 ans &#8211; scolaires possibles<\/p>\n\n\n\n<p><strong>conception<\/strong> Astrid Mayer &amp; Rapha\u00ebl Billet <br><strong>interpr\u00e9tation<\/strong> Astrid Mayer en alternance avec Anth\u00e9a Mitouart &amp; Rapha\u00ebl Billet en alternance avec Pierre Th\u00e9oleyre<br><strong>conception sc\u00e9nographie<\/strong> Rapha\u00ebl Billet &amp; Astrid Mayer en\u00a0collaboration avec Mathis Brunet-Bahut <br><strong>conception sonore<\/strong> Jean Gueudr\u00e9<br><strong>conception lumi\u00e8re<\/strong> Lucien Vall\u00e9<br><strong>conception costumes<\/strong> Lo\u00efs Heckendorn <strong><br>regard ext\u00e9rieur dramaturgique<\/strong> Pierre Tallaron <br><strong>regard ext\u00e9rieur<\/strong> Laure\u00a0Buathier, Estelle Olivier, Sandrine\u00a0Roldan\u00a0&amp; Quentin Brevet<strong> <br>construction<\/strong> Pierre Josserand <br><strong>r\u00e9gie g\u00e9n\u00e9rale<\/strong> Zacharia Abdedda\u00efm<\/p>\n<\/div>\n\n\n\n<div class=\"wp-block-column is-layout-flow wp-block-column-is-layout-flow\">\n<figure class=\"wp-block-image size-large\"><img loading=\"lazy\" decoding=\"async\" width=\"1024\" height=\"683\" src=\"http:\/\/groupenuits.com\/wp-content\/uploads\/2025\/05\/Garanceli-GroupeNuits-CTAR-2024-0083-1-1024x683.jpg\" alt=\"\" class=\"wp-image-1801\" srcset=\"https:\/\/groupenuits.com\/wp-content\/uploads\/2025\/05\/Garanceli-GroupeNuits-CTAR-2024-0083-1-1024x683.jpg 1024w, https:\/\/groupenuits.com\/wp-content\/uploads\/2025\/05\/Garanceli-GroupeNuits-CTAR-2024-0083-1-300x200.jpg 300w, https:\/\/groupenuits.com\/wp-content\/uploads\/2025\/05\/Garanceli-GroupeNuits-CTAR-2024-0083-1-768x512.jpg 768w, https:\/\/groupenuits.com\/wp-content\/uploads\/2025\/05\/Garanceli-GroupeNuits-CTAR-2024-0083-1-1536x1024.jpg 1536w, https:\/\/groupenuits.com\/wp-content\/uploads\/2025\/05\/Garanceli-GroupeNuits-CTAR-2024-0083-1-2048x1365.jpg 2048w, https:\/\/groupenuits.com\/wp-content\/uploads\/2025\/05\/Garanceli-GroupeNuits-CTAR-2024-0083-1-930x620.jpg 930w\" sizes=\"(max-width: 1024px) 100vw, 1024px\" \/><\/figure>\n\n\n\n<figure class=\"wp-block-image size-large\"><img loading=\"lazy\" decoding=\"async\" width=\"1024\" height=\"683\" src=\"http:\/\/groupenuits.com\/wp-content\/uploads\/2025\/05\/Garanceli-GroupeNuits-CTAR-2024-0077-1024x683.jpg\" alt=\"\" class=\"wp-image-1800\" srcset=\"https:\/\/groupenuits.com\/wp-content\/uploads\/2025\/05\/Garanceli-GroupeNuits-CTAR-2024-0077-1024x683.jpg 1024w, https:\/\/groupenuits.com\/wp-content\/uploads\/2025\/05\/Garanceli-GroupeNuits-CTAR-2024-0077-300x200.jpg 300w, https:\/\/groupenuits.com\/wp-content\/uploads\/2025\/05\/Garanceli-GroupeNuits-CTAR-2024-0077-768x512.jpg 768w, https:\/\/groupenuits.com\/wp-content\/uploads\/2025\/05\/Garanceli-GroupeNuits-CTAR-2024-0077-1536x1024.jpg 1536w, https:\/\/groupenuits.com\/wp-content\/uploads\/2025\/05\/Garanceli-GroupeNuits-CTAR-2024-0077-2048x1365.jpg 2048w, https:\/\/groupenuits.com\/wp-content\/uploads\/2025\/05\/Garanceli-GroupeNuits-CTAR-2024-0077-930x620.jpg 930w\" sizes=\"(max-width: 1024px) 100vw, 1024px\" \/><\/figure>\n<\/div>\n<\/div>\n\n\n\n<p><strong>production : <\/strong>groupe nuits <strong>co-production <\/strong>UTOPISTES &#8211; Cit\u00e9 Internationale des Arts du&nbsp;Cirque&nbsp; (FR ; Lyon)&nbsp;; Sc\u00e8ne nationale de Bourg-en-Bresse (FR;&nbsp;Bourg-en-Bresse),Th\u00e9\u00e2tre&nbsp;La mouche (FR ; St-Genis-Laval), Th\u00e9\u00e2tre de Cusset (FR ; Cusset) L\u2019esplanade du Lac (FR ;&nbsp;Divonne-les-bains)&nbsp;<strong>soutiens<\/strong>\u202f: Laur\u00e9at de la r\u00e9sidence accompagn\u00e9e de la Com\u00e9die de Clermont-Ferrand (FR ), P\u00f4le en Sc\u00e8nes\/Centre chor\u00e9graphik P\u00f4le Pik (FR ; Bron), CND de Lyon (FR) Le croiseur, sc\u00e8ne d\u00e9couverte danse&nbsp;desoblique&nbsp;(FR ; Lyon) La maison du cirque (FR ; Bourg-en-Bresse) Studio&nbsp;Chatha&nbsp;&#8211; (FR ; Lyon) <strong>soutiens financiers<\/strong> D\u00e9partement de l\u2019Ain au titre de l\u2019Aide \u00e0 la cr\u00e9ation Ville de Bourg-en-Bresse au titre de l\u2019aide au fonctionnement&nbsp;<\/p>\n\n\n\n<div class=\"wp-block-buttons is-layout-flex wp-block-buttons-is-layout-flex\">\n<div class=\"wp-block-button is-style-secondary\"><a class=\"wp-block-button__link wp-element-button\" href=\"http:\/\/groupenuits.com\/wp-content\/uploads\/2026\/04\/fragile.pdf\">Dossier cr\u00e9ation <em>Fragile<\/em><\/a><\/div>\n<\/div>\n","protected":false},"excerpt":{"rendered":"<p>Fragile &#8211; cr\u00e9ation 2026 Fragile, na\u00eet du constat, plut\u00f4t amer, d\u2019une soci\u00e9t\u00e9 contemporaine qui mise sur le toujours plus, et pr\u00f4ne le culte de la performance et l\u2019injonction \u00e0 la r\u00e9ussite dans laquelle il est devenu&nbsp;compliqu\u00e9, voire impossible de d\u00e9voiler ses fragilit\u00e9s pourtant constitutives et qui permettent de s\u2019exprimer et de s\u2019assumer pleinement en tant&hellip;&nbsp;<a href=\"https:\/\/groupenuits.com\/index.php\/fragile\/\" rel=\"bookmark\">Lire la suite &raquo;<span class=\"screen-reader-text\">fragile<\/span><\/a><\/p>\n","protected":false},"author":1,"featured_media":0,"parent":0,"menu_order":0,"comment_status":"closed","ping_status":"closed","template":"","meta":{"neve_meta_sidebar":"","neve_meta_container":"","neve_meta_enable_content_width":"","neve_meta_content_width":0,"neve_meta_title_alignment":"","neve_meta_author_avatar":"","neve_post_elements_order":"","neve_meta_disable_header":"","neve_meta_disable_footer":"","neve_meta_disable_title":"on","footnotes":""},"_links":{"self":[{"href":"https:\/\/groupenuits.com\/index.php\/wp-json\/wp\/v2\/pages\/1796"}],"collection":[{"href":"https:\/\/groupenuits.com\/index.php\/wp-json\/wp\/v2\/pages"}],"about":[{"href":"https:\/\/groupenuits.com\/index.php\/wp-json\/wp\/v2\/types\/page"}],"author":[{"embeddable":true,"href":"https:\/\/groupenuits.com\/index.php\/wp-json\/wp\/v2\/users\/1"}],"replies":[{"embeddable":true,"href":"https:\/\/groupenuits.com\/index.php\/wp-json\/wp\/v2\/comments?post=1796"}],"version-history":[{"count":26,"href":"https:\/\/groupenuits.com\/index.php\/wp-json\/wp\/v2\/pages\/1796\/revisions"}],"predecessor-version":[{"id":2084,"href":"https:\/\/groupenuits.com\/index.php\/wp-json\/wp\/v2\/pages\/1796\/revisions\/2084"}],"wp:attachment":[{"href":"https:\/\/groupenuits.com\/index.php\/wp-json\/wp\/v2\/media?parent=1796"}],"curies":[{"name":"wp","href":"https:\/\/api.w.org\/{rel}","templated":true}]}}