{"id":1836,"date":"2025-05-21T19:13:21","date_gmt":"2025-05-21T17:13:21","guid":{"rendered":"https:\/\/groupenuits.com\/?page_id=1836"},"modified":"2025-05-22T11:56:51","modified_gmt":"2025-05-22T09:56:51","slug":"ca-tient-a-rien","status":"publish","type":"page","link":"https:\/\/groupenuits.com\/index.php\/ca-tient-a-rien\/","title":{"rendered":"\u00e7a tient \u00e0 rien"},"content":{"rendered":"\n<div class=\"wp-block-columns is-layout-flex wp-container-core-columns-is-layout-1 wp-block-columns-is-layout-flex\">\n<div class=\"wp-block-column is-layout-flow wp-block-column-is-layout-flow\">\n<h2 class=\"wp-block-heading\"><strong><em>\u00c7a tient \u00e0 rien<\/em><\/strong> &#8211; cr\u00e9ation 2027<\/h2>\n\n\n\n<p><strong><em>\u00c7a tient \u00e0 rien <\/em><\/strong>est une pi\u00e8ce chor\u00e9graphique, circassienne et sc\u00e9nographique. <strong><em>\u00c7a tient \u00e0 rien <\/em><\/strong>parle de fragilit\u00e9.<br>De la fragilit\u00e9 d\u2019une relation qu\u2019on tisse, de la fragilit\u00e9 insoup\u00e7onnable des choses qui nous portent, nous supportent, qu\u2019on croyait jusque-l\u00e0 indestructibles mais se fissurent et se distendent petit \u00e0 petit.<br><strong><em>\u00c7a tient \u00e0 rien <\/em><\/strong>parle d\u2019un monde qu\u2019on tente avec force et persistance de faire tenir alors que l\u2019issue se trouve \u00ab peut-\u00eatre \u00bb dans une forme de l\u00e2cher prise.<br><strong><em>\u00c7a tient \u00e0 rien <\/em><\/strong>parle de d\u00e9litement et de r\u00e9sistance. Que met-on en oeuvre pour que ce qui tient ne s\u2019effondre pas ?<br>Tenir, repousser, chercher le point de rupture et profiter du chemin jusqu\u2019au moment o\u00f9 \u00e7a l\u00e2che, observer la chute et, enfin, faire avec.<br><strong><em>\u00c7a tient \u00e0 rien <\/em><\/strong>parle, aussi, de r\u00e9silience.<br>Comment fait-on lorsque plus rien ne tient ? S\u2019agit-il de s\u2019accrocher ? Comment s\u2019adapte-t-on, seul, \u00e0 deux, ensemble \u00e0 l\u2019in\u00e9vitable gravit\u00e9 ? Cette premi\u00e8re pi\u00e8ce de groupe parle de celles et ceux sur qui on peut compter. \u00c7a parle d\u2019individualit\u00e9s fragiles et de dynamiques collectives. Elle s\u2019appuie, \u00e9galement, sur un dispositif sc\u00e9nographique central qui prend place dans l\u2019espace public. Ce dispositif a son mouvement propre qui influe, \u00e0 la fois, sur la partition des interpr\u00e8tes et permet la rencontre, voire l\u2019int\u00e9gration, des publics dans l\u2019\u00e9criture du spectacle. S\u2019organiser ensemble.<\/p>\n\n\n\n<p>cr\u00e9ation danse\/cirque &amp; sc\u00e9nographie pluri-frontale <br>dehors &#8211; diurne pour lieux non-d\u00e9di\u00e9s <br>dur\u00e9e entre 45min et 1h <br>tout public<\/p>\n\n\n\n<p><strong>conception<\/strong> Astrid Mayer &amp; Rapha\u00ebl Billet <br><strong>interpr\u00e9tation<\/strong> 5 danseur.euses et\/ou circassien.nes <br><strong>conception sc\u00e9nographie<\/strong> Mathis Brunet-Bahut <br><strong>conception sonore &amp; musique<\/strong> Jean Gueudr\u00e9 <br><strong>regard ext\u00e9rieur dramaturgique<\/strong> Pierre Tallaron <br><strong>regard ext\u00e9rieur chor\u00e9graphique<\/strong> Laure Buathier <br><strong>regard ext\u00e9rieur th\u00e9\u00e2tral &amp; textuel<\/strong> Estelle Olivier<\/p>\n<\/div>\n\n\n\n<div class=\"wp-block-column is-layout-flow wp-block-column-is-layout-flow\">\n<figure class=\"wp-block-image size-large\"><img loading=\"lazy\" decoding=\"async\" width=\"1024\" height=\"683\" src=\"https:\/\/groupenuits.com\/wp-content\/uploads\/2025\/05\/garanceli-croisements-choregraphiques-avr25-0085-1-1024x683.jpg\" alt=\"\" class=\"wp-image-1841\" srcset=\"https:\/\/groupenuits.com\/wp-content\/uploads\/2025\/05\/garanceli-croisements-choregraphiques-avr25-0085-1-1024x683.jpg 1024w, https:\/\/groupenuits.com\/wp-content\/uploads\/2025\/05\/garanceli-croisements-choregraphiques-avr25-0085-1-300x200.jpg 300w, https:\/\/groupenuits.com\/wp-content\/uploads\/2025\/05\/garanceli-croisements-choregraphiques-avr25-0085-1-768x512.jpg 768w, https:\/\/groupenuits.com\/wp-content\/uploads\/2025\/05\/garanceli-croisements-choregraphiques-avr25-0085-1-930x620.jpg 930w, https:\/\/groupenuits.com\/wp-content\/uploads\/2025\/05\/garanceli-croisements-choregraphiques-avr25-0085-1.jpg 1080w\" sizes=\"(max-width: 1024px) 100vw, 1024px\" \/><\/figure>\n\n\n\n<figure class=\"wp-block-image size-large\"><img loading=\"lazy\" decoding=\"async\" width=\"1024\" height=\"683\" src=\"https:\/\/groupenuits.com\/wp-content\/uploads\/2025\/05\/garanceli-croisements-choregraphiques-avr25-0087-1024x683.jpg\" alt=\"\" class=\"wp-image-1842\" srcset=\"https:\/\/groupenuits.com\/wp-content\/uploads\/2025\/05\/garanceli-croisements-choregraphiques-avr25-0087-1024x683.jpg 1024w, https:\/\/groupenuits.com\/wp-content\/uploads\/2025\/05\/garanceli-croisements-choregraphiques-avr25-0087-300x200.jpg 300w, https:\/\/groupenuits.com\/wp-content\/uploads\/2025\/05\/garanceli-croisements-choregraphiques-avr25-0087-768x512.jpg 768w, https:\/\/groupenuits.com\/wp-content\/uploads\/2025\/05\/garanceli-croisements-choregraphiques-avr25-0087-930x620.jpg 930w, https:\/\/groupenuits.com\/wp-content\/uploads\/2025\/05\/garanceli-croisements-choregraphiques-avr25-0087.jpg 1080w\" sizes=\"(max-width: 1024px) 100vw, 1024px\" \/><\/figure>\n\n\n\n<p>TENIR. cr\u00e9ation 2025 pour le<a href=\"https:\/\/desoblique.com\/jeune-ballet-desoblique\/\"> Jeune Ballet Desoblique<\/a> a \u00e9t\u00e9 comme un labo de recherches autour de l&rsquo;\u00e9criture chor\u00e9graphique de <em>\u00c7a tient \u00e0 rien<\/em>. Les photographies sont extraites de cette aventure.<\/p>\n<\/div>\n<\/div>\n\n\n\n<p><strong>production : <\/strong>groupe nuits <strong>co-production <\/strong>en cours Sc\u00e8ne nationale de Bourg-en-Bresse (FR) Les Subs (FR ; Lyon) Th\u00e9\u00e2tre de Cusset (FR) L\u2019esplanade du Lac (FR ; Divonne-les-bains) <strong>soutiens &amp; accueil en r\u00e9sidence <\/strong>Laur\u00e9at de la r\u00e9sidence accompagn\u00e9e de la Com\u00e9die de Clermont-Ferrand (FR ) Les Subs (FR ; Lyon) CND de Lyon (FR) Studio Chatha &#8211; (FR ; Lyon) Le croiseur (FR ; Lyon) La maison du cirque (FR ; Bourg-en-Bresse) Th\u00e9\u00e2tre de Cusset (FR ; Cusset) <strong>soutiens financiers <\/strong>Ville de Bourg-en-Bresse au titre de l\u2019aide au fonctionnement.<\/p>\n\n\n\n<div class=\"wp-block-buttons is-layout-flex wp-block-buttons-is-layout-flex\">\n<div class=\"wp-block-button is-style-secondary\"><a class=\"wp-block-button__link wp-element-button\" href=\"http:\/\/groupenuits.com\/wp-content\/uploads\/2025\/05\/CATIENTARIEN-1102.pdf\">Dossier cr\u00e9ation <strong><em>\u00c7a tient \u00e0 rien<\/em><\/strong><\/a><\/div>\n<\/div>\n","protected":false},"excerpt":{"rendered":"<p>\u00c7a tient \u00e0 rien &#8211; cr\u00e9ation 2027 \u00c7a tient \u00e0 rien est une pi\u00e8ce chor\u00e9graphique, circassienne et sc\u00e9nographique. \u00c7a tient \u00e0 rien parle de fragilit\u00e9.De la fragilit\u00e9 d\u2019une relation qu\u2019on tisse, de la fragilit\u00e9 insoup\u00e7onnable des choses qui nous portent, nous supportent, qu\u2019on croyait jusque-l\u00e0 indestructibles mais se fissurent et se distendent petit \u00e0 petit.\u00c7a&hellip;&nbsp;<a href=\"https:\/\/groupenuits.com\/index.php\/ca-tient-a-rien\/\" rel=\"bookmark\">Lire la suite &raquo;<span class=\"screen-reader-text\">\u00e7a tient \u00e0 rien<\/span><\/a><\/p>\n","protected":false},"author":1,"featured_media":0,"parent":0,"menu_order":0,"comment_status":"closed","ping_status":"closed","template":"","meta":{"neve_meta_sidebar":"","neve_meta_container":"","neve_meta_enable_content_width":"","neve_meta_content_width":0,"neve_meta_title_alignment":"","neve_meta_author_avatar":"","neve_post_elements_order":"","neve_meta_disable_header":"","neve_meta_disable_footer":"","neve_meta_disable_title":"on","footnotes":""},"_links":{"self":[{"href":"https:\/\/groupenuits.com\/index.php\/wp-json\/wp\/v2\/pages\/1836"}],"collection":[{"href":"https:\/\/groupenuits.com\/index.php\/wp-json\/wp\/v2\/pages"}],"about":[{"href":"https:\/\/groupenuits.com\/index.php\/wp-json\/wp\/v2\/types\/page"}],"author":[{"embeddable":true,"href":"https:\/\/groupenuits.com\/index.php\/wp-json\/wp\/v2\/users\/1"}],"replies":[{"embeddable":true,"href":"https:\/\/groupenuits.com\/index.php\/wp-json\/wp\/v2\/comments?post=1836"}],"version-history":[{"count":9,"href":"https:\/\/groupenuits.com\/index.php\/wp-json\/wp\/v2\/pages\/1836\/revisions"}],"predecessor-version":[{"id":1874,"href":"https:\/\/groupenuits.com\/index.php\/wp-json\/wp\/v2\/pages\/1836\/revisions\/1874"}],"wp:attachment":[{"href":"https:\/\/groupenuits.com\/index.php\/wp-json\/wp\/v2\/media?parent=1836"}],"curies":[{"name":"wp","href":"https:\/\/api.w.org\/{rel}","templated":true}]}}