{"id":1879,"date":"2025-05-22T12:22:34","date_gmt":"2025-05-22T10:22:34","guid":{"rendered":"https:\/\/groupenuits.com\/?page_id=1879"},"modified":"2025-05-22T12:24:05","modified_gmt":"2025-05-22T10:24:05","slug":"justin","status":"publish","type":"page","link":"https:\/\/groupenuits.com\/index.php\/justin\/","title":{"rendered":"justin"},"content":{"rendered":"\n<div class=\"wp-block-columns is-layout-flex wp-container-core-columns-is-layout-1 wp-block-columns-is-layout-flex\">\n<div class=\"wp-block-column is-layout-flow wp-block-column-is-layout-flow\" style=\"flex-basis:33.33%\">\n<figure class=\"wp-block-image size-large\"><img loading=\"lazy\" decoding=\"async\" width=\"1024\" height=\"683\" src=\"http:\/\/groupenuits.com\/wp-content\/uploads\/2024\/06\/image00003-1024x683.jpeg\" alt=\"\" class=\"wp-image-1508\" srcset=\"https:\/\/groupenuits.com\/wp-content\/uploads\/2024\/06\/image00003-1024x683.jpeg 1024w, https:\/\/groupenuits.com\/wp-content\/uploads\/2024\/06\/image00003-300x200.jpeg 300w, https:\/\/groupenuits.com\/wp-content\/uploads\/2024\/06\/image00003-768x512.jpeg 768w, https:\/\/groupenuits.com\/wp-content\/uploads\/2024\/06\/image00003-1536x1024.jpeg 1536w, https:\/\/groupenuits.com\/wp-content\/uploads\/2024\/06\/image00003-2048x1365.jpeg 2048w, https:\/\/groupenuits.com\/wp-content\/uploads\/2024\/06\/image00003-930x620.jpeg 930w\" sizes=\"(max-width: 1024px) 100vw, 1024px\" \/><\/figure>\n<\/div>\n\n\n\n<div class=\"wp-block-column is-layout-flow wp-block-column-is-layout-flow\" style=\"flex-basis:66.66%\">\n<p><strong>Justin Collas, interpr\u00e8te (acrobatie)<\/strong><\/p>\n\n\n\n<p>Justin est n\u00e9 en France en 1997. En 2012, il d\u00e9couvre les arts du cirque \u00e0 Amiens. Tr\u00e8s vite, il souhaite continuer dans cette voie. En 2016, il int\u00e8gre l\u2019\u00e9cole de cirque de Lyon o\u00f9 il apprend \u00e0 lier sa discipline physique aux mouvements circassiens par la pratique du corps en jeu. Puis, il d\u00e9cide de continuer \u00e0 se former \u00e0 l\u2019\u00e9cole pr\u00e9paratoire LeZartiCirque en Suisse, o\u00f9 il d\u00e9veloppe son langage corporel et acrobatique. Enfin, en 2019, \u00e0 l\u2019\u00e2ge de 22 ans, il commence \u00e0 \u00e9tudier \u00e0 Stockholm (DOCH\/SKH) et obtient un bachelor en arts du cirque. Aujourd\u2019hui, il concentre son travail sur les onomatop\u00e9es provoqu\u00e9es par l\u2019envol, la chute, la stagnation et le silence. Justin aspire \u00e0 \u00eatre un artiste singulier, un \u00e9crivain intr\u00e9pide et un bruiteur renomm\u00e9.<\/p>\n<\/div>\n<\/div>\n","protected":false},"excerpt":{"rendered":"<p>Justin Collas, interpr\u00e8te (acrobatie) Justin est n\u00e9 en France en 1997. En 2012, il d\u00e9couvre les arts du cirque \u00e0 Amiens. Tr\u00e8s vite, il souhaite continuer dans cette voie. En 2016, il int\u00e8gre l\u2019\u00e9cole de cirque de Lyon o\u00f9 il apprend \u00e0 lier sa discipline physique aux mouvements circassiens par la pratique du corps en&hellip;&nbsp;<a href=\"https:\/\/groupenuits.com\/index.php\/justin\/\" rel=\"bookmark\">Lire la suite &raquo;<span class=\"screen-reader-text\">justin<\/span><\/a><\/p>\n","protected":false},"author":1,"featured_media":0,"parent":0,"menu_order":0,"comment_status":"closed","ping_status":"closed","template":"","meta":{"neve_meta_sidebar":"","neve_meta_container":"","neve_meta_enable_content_width":"","neve_meta_content_width":0,"neve_meta_title_alignment":"","neve_meta_author_avatar":"","neve_post_elements_order":"","neve_meta_disable_header":"","neve_meta_disable_footer":"","neve_meta_disable_title":"on","footnotes":""},"_links":{"self":[{"href":"https:\/\/groupenuits.com\/index.php\/wp-json\/wp\/v2\/pages\/1879"}],"collection":[{"href":"https:\/\/groupenuits.com\/index.php\/wp-json\/wp\/v2\/pages"}],"about":[{"href":"https:\/\/groupenuits.com\/index.php\/wp-json\/wp\/v2\/types\/page"}],"author":[{"embeddable":true,"href":"https:\/\/groupenuits.com\/index.php\/wp-json\/wp\/v2\/users\/1"}],"replies":[{"embeddable":true,"href":"https:\/\/groupenuits.com\/index.php\/wp-json\/wp\/v2\/comments?post=1879"}],"version-history":[{"count":2,"href":"https:\/\/groupenuits.com\/index.php\/wp-json\/wp\/v2\/pages\/1879\/revisions"}],"predecessor-version":[{"id":1882,"href":"https:\/\/groupenuits.com\/index.php\/wp-json\/wp\/v2\/pages\/1879\/revisions\/1882"}],"wp:attachment":[{"href":"https:\/\/groupenuits.com\/index.php\/wp-json\/wp\/v2\/media?parent=1879"}],"curies":[{"name":"wp","href":"https:\/\/api.w.org\/{rel}","templated":true}]}}

<div class="wp-block-columns is-layout-flex wp-container-core-columns-is-layout-1 wp-block-columns-is-layout-flex">
<div class="wp-block-column is-layout-flow wp-block-column-is-layout-flow" style="flex-basis:33.33%">
<figure class="wp-block-image size-large"><img loading="lazy" decoding="async" width="1024" height="683" src="http://groupenuits.com/wp-content/uploads/2024/06/image00003-1024x683.jpeg" alt="" class="wp-image-1508" srcset="https://groupenuits.com/wp-content/uploads/2024/06/image00003-1024x683.jpeg 1024w, https://groupenuits.com/wp-content/uploads/2024/06/image00003-300x200.jpeg 300w, https://groupenuits.com/wp-content/uploads/2024/06/image00003-768x512.jpeg 768w, https://groupenuits.com/wp-content/uploads/2024/06/image00003-1536x1024.jpeg 1536w, https://groupenuits.com/wp-content/uploads/2024/06/image00003-2048x1365.jpeg 2048w, https://groupenuits.com/wp-content/uploads/2024/06/image00003-930x620.jpeg 930w" sizes="(max-width: 1024px) 100vw, 1024px" /></figure>
</div>



<div class="wp-block-column is-layout-flow wp-block-column-is-layout-flow" style="flex-basis:66.66%">
<p><strong>Justin Collas, interprète (acrobatie)</strong></p>



<p>Justin est né en France en 1997. En 2012, il découvre les arts du cirque à Amiens. Très vite, il souhaite continuer dans cette voie. En 2016, il intègre l’école de cirque de Lyon où il apprend à lier sa discipline physique aux mouvements circassiens par la pratique du corps en jeu. Puis, il décide de continuer à se former à l’école préparatoire LeZartiCirque en Suisse, où il développe son langage corporel et acrobatique. Enfin, en 2019, à l’âge de 22 ans, il commence à étudier à Stockholm (DOCH/SKH) et obtient un bachelor en arts du cirque. Aujourd’hui, il concentre son travail sur les onomatopées provoquées par l’envol, la chute, la stagnation et le silence. Justin aspire à être un artiste singulier, un écrivain intrépide et un bruiteur renommé.</p>
</div>
</div>

<p>Justin Collas, interprète (acrobatie) Justin est né en France en 1997. En 2012, il découvre les arts du cirque à Amiens. Très vite, il souhaite continuer dans cette voie. En 2016, il intègre l’école de cirque de Lyon où il apprend à lier sa discipline physique aux mouvements circassiens par la pratique du corps en&hellip;&nbsp;<a href="https://groupenuits.com/index.php/justin/" rel="bookmark">Lire la suite &raquo;<span class="screen-reader-text">justin</span></a></p>
