{"id":1888,"date":"2025-05-22T12:29:33","date_gmt":"2025-05-22T10:29:33","guid":{"rendered":"https:\/\/groupenuits.com\/?page_id=1888"},"modified":"2025-05-22T12:30:16","modified_gmt":"2025-05-22T10:30:16","slug":"claire","status":"publish","type":"page","link":"https:\/\/groupenuits.com\/index.php\/claire\/","title":{"rendered":"claire"},"content":{"rendered":"\n<div class=\"wp-block-columns is-layout-flex wp-container-core-columns-is-layout-1 wp-block-columns-is-layout-flex\">\n<div class=\"wp-block-column is-layout-flow wp-block-column-is-layout-flow\" style=\"flex-basis:33.33%\">\n<figure class=\"wp-block-image size-large\"><img loading=\"lazy\" decoding=\"async\" width=\"1024\" height=\"683\" src=\"http:\/\/groupenuits.com\/wp-content\/uploads\/2022\/07\/au-farse-2021-brut-et-sa-performance-monumentale-dans-le-parc-de-l-orangerie-photo-dna-cedric-joubert-1627757484-1024x683.jpg\" alt=\"\" class=\"wp-image-1181\" srcset=\"https:\/\/groupenuits.com\/wp-content\/uploads\/2022\/07\/au-farse-2021-brut-et-sa-performance-monumentale-dans-le-parc-de-l-orangerie-photo-dna-cedric-joubert-1627757484-1024x683.jpg 1024w, https:\/\/groupenuits.com\/wp-content\/uploads\/2022\/07\/au-farse-2021-brut-et-sa-performance-monumentale-dans-le-parc-de-l-orangerie-photo-dna-cedric-joubert-1627757484-300x200.jpg 300w, https:\/\/groupenuits.com\/wp-content\/uploads\/2022\/07\/au-farse-2021-brut-et-sa-performance-monumentale-dans-le-parc-de-l-orangerie-photo-dna-cedric-joubert-1627757484-768x512.jpg 768w, https:\/\/groupenuits.com\/wp-content\/uploads\/2022\/07\/au-farse-2021-brut-et-sa-performance-monumentale-dans-le-parc-de-l-orangerie-photo-dna-cedric-joubert-1627757484-1536x1024.jpg 1536w, https:\/\/groupenuits.com\/wp-content\/uploads\/2022\/07\/au-farse-2021-brut-et-sa-performance-monumentale-dans-le-parc-de-l-orangerie-photo-dna-cedric-joubert-1627757484-930x620.jpg 930w, https:\/\/groupenuits.com\/wp-content\/uploads\/2022\/07\/au-farse-2021-brut-et-sa-performance-monumentale-dans-le-parc-de-l-orangerie-photo-dna-cedric-joubert-1627757484.jpg 1600w\" sizes=\"(max-width: 1024px) 100vw, 1024px\" \/><\/figure>\n<\/div>\n\n\n\n<div class=\"wp-block-column is-layout-flow wp-block-column-is-layout-flow\" style=\"flex-basis:66.66%\">\n<p><strong>Claire Lurin, interpr\u00e8te (danse)<\/strong><\/p>\n\n\n\n<p>Ing\u00e9nierie m\u00e9canique et danse contemporaine s\u2019entrem\u00ealent r\u00e9guli\u00e8rement dans son parcours, notamment gr\u00e2ce \u00e0 des \u00e9tudes am\u00e9nag\u00e9es \u00e0 l\u2019INSA Lyon en lien avec sa section Danse-\u00c9tudes et le CFDd. Passionn\u00e9e de spectacle vivant, Claire met \u00e0 disposition ses connaissances en m\u00e9canique aupr\u00e8s de plusieurs compagnies d\u2019arts de la rue (Th\u00e9\u00e2tre de la Toupine, M\u00e9canique Vivante, Groupe Nuits). Son chemin croise celui des arts du cirque, et les acrobaties au sol et \u00e9quilibres sur les mains nourrissent son exploration dans\u00e9e. Claire co-fonde en 2018 l\u2019association Cie 39-39, qui porte plusieurs projets artistiques de cirque et de danse contemporaine. Elle int\u00e8gre en 2019 la compagnie Gioco Cos\u00ee en tant que danseuse interpr\u00e8te et rejoint cette m\u00eame ann\u00e9e groupe nuits et devient interpr\u00e8te pour BRUT.<\/p>\n<\/div>\n<\/div>\n","protected":false},"excerpt":{"rendered":"<p>Claire Lurin, interpr\u00e8te (danse) Ing\u00e9nierie m\u00e9canique et danse contemporaine s\u2019entrem\u00ealent r\u00e9guli\u00e8rement dans son parcours, notamment gr\u00e2ce \u00e0 des \u00e9tudes am\u00e9nag\u00e9es \u00e0 l\u2019INSA Lyon en lien avec sa section Danse-\u00c9tudes et le CFDd. Passionn\u00e9e de spectacle vivant, Claire met \u00e0 disposition ses connaissances en m\u00e9canique aupr\u00e8s de plusieurs compagnies d\u2019arts de la rue (Th\u00e9\u00e2tre de la&hellip;&nbsp;<a href=\"https:\/\/groupenuits.com\/index.php\/claire\/\" rel=\"bookmark\">Lire la suite &raquo;<span class=\"screen-reader-text\">claire<\/span><\/a><\/p>\n","protected":false},"author":1,"featured_media":0,"parent":0,"menu_order":0,"comment_status":"closed","ping_status":"closed","template":"","meta":{"neve_meta_sidebar":"","neve_meta_container":"","neve_meta_enable_content_width":"","neve_meta_content_width":0,"neve_meta_title_alignment":"","neve_meta_author_avatar":"","neve_post_elements_order":"","neve_meta_disable_header":"","neve_meta_disable_footer":"","neve_meta_disable_title":"on","footnotes":""},"_links":{"self":[{"href":"https:\/\/groupenuits.com\/index.php\/wp-json\/wp\/v2\/pages\/1888"}],"collection":[{"href":"https:\/\/groupenuits.com\/index.php\/wp-json\/wp\/v2\/pages"}],"about":[{"href":"https:\/\/groupenuits.com\/index.php\/wp-json\/wp\/v2\/types\/page"}],"author":[{"embeddable":true,"href":"https:\/\/groupenuits.com\/index.php\/wp-json\/wp\/v2\/users\/1"}],"replies":[{"embeddable":true,"href":"https:\/\/groupenuits.com\/index.php\/wp-json\/wp\/v2\/comments?post=1888"}],"version-history":[{"count":1,"href":"https:\/\/groupenuits.com\/index.php\/wp-json\/wp\/v2\/pages\/1888\/revisions"}],"predecessor-version":[{"id":1889,"href":"https:\/\/groupenuits.com\/index.php\/wp-json\/wp\/v2\/pages\/1888\/revisions\/1889"}],"wp:attachment":[{"href":"https:\/\/groupenuits.com\/index.php\/wp-json\/wp\/v2\/media?parent=1888"}],"curies":[{"name":"wp","href":"https:\/\/api.w.org\/{rel}","templated":true}]}}

<div class="wp-block-columns is-layout-flex wp-container-core-columns-is-layout-1 wp-block-columns-is-layout-flex">
<div class="wp-block-column is-layout-flow wp-block-column-is-layout-flow" style="flex-basis:33.33%">
<figure class="wp-block-image size-large"><img loading="lazy" decoding="async" width="1024" height="683" src="http://groupenuits.com/wp-content/uploads/2022/07/au-farse-2021-brut-et-sa-performance-monumentale-dans-le-parc-de-l-orangerie-photo-dna-cedric-joubert-1627757484-1024x683.jpg" alt="" class="wp-image-1181" srcset="https://groupenuits.com/wp-content/uploads/2022/07/au-farse-2021-brut-et-sa-performance-monumentale-dans-le-parc-de-l-orangerie-photo-dna-cedric-joubert-1627757484-1024x683.jpg 1024w, https://groupenuits.com/wp-content/uploads/2022/07/au-farse-2021-brut-et-sa-performance-monumentale-dans-le-parc-de-l-orangerie-photo-dna-cedric-joubert-1627757484-300x200.jpg 300w, https://groupenuits.com/wp-content/uploads/2022/07/au-farse-2021-brut-et-sa-performance-monumentale-dans-le-parc-de-l-orangerie-photo-dna-cedric-joubert-1627757484-768x512.jpg 768w, https://groupenuits.com/wp-content/uploads/2022/07/au-farse-2021-brut-et-sa-performance-monumentale-dans-le-parc-de-l-orangerie-photo-dna-cedric-joubert-1627757484-1536x1024.jpg 1536w, https://groupenuits.com/wp-content/uploads/2022/07/au-farse-2021-brut-et-sa-performance-monumentale-dans-le-parc-de-l-orangerie-photo-dna-cedric-joubert-1627757484-930x620.jpg 930w, https://groupenuits.com/wp-content/uploads/2022/07/au-farse-2021-brut-et-sa-performance-monumentale-dans-le-parc-de-l-orangerie-photo-dna-cedric-joubert-1627757484.jpg 1600w" sizes="(max-width: 1024px) 100vw, 1024px" /></figure>
</div>



<div class="wp-block-column is-layout-flow wp-block-column-is-layout-flow" style="flex-basis:66.66%">
<p><strong>Claire Lurin, interprète (danse)</strong></p>



<p>Ingénierie mécanique et danse contemporaine s’entremêlent régulièrement dans son parcours, notamment grâce à des études aménagées à l’INSA Lyon en lien avec sa section Danse-Études et le CFDd. Passionnée de spectacle vivant, Claire met à disposition ses connaissances en mécanique auprès de plusieurs compagnies d’arts de la rue (Théâtre de la Toupine, Mécanique Vivante, Groupe Nuits). Son chemin croise celui des arts du cirque, et les acrobaties au sol et équilibres sur les mains nourrissent son exploration dansée. Claire co-fonde en 2018 l’association Cie 39-39, qui porte plusieurs projets artistiques de cirque et de danse contemporaine. Elle intègre en 2019 la compagnie Gioco Cosî en tant que danseuse interprète et rejoint cette même année groupe nuits et devient interprète pour BRUT.</p>
</div>
</div>

<p>Claire Lurin, interprète (danse) Ingénierie mécanique et danse contemporaine s’entremêlent régulièrement dans son parcours, notamment grâce à des études aménagées à l’INSA Lyon en lien avec sa section Danse-Études et le CFDd. Passionnée de spectacle vivant, Claire met à disposition ses connaissances en mécanique auprès de plusieurs compagnies d’arts de la rue (Théâtre de la&hellip;&nbsp;<a href="https://groupenuits.com/index.php/claire/" rel="bookmark">Lire la suite &raquo;<span class="screen-reader-text">claire</span></a></p>
