{"id":1891,"date":"2025-05-22T12:33:00","date_gmt":"2025-05-22T10:33:00","guid":{"rendered":"https:\/\/groupenuits.com\/?page_id=1891"},"modified":"2025-05-22T12:33:01","modified_gmt":"2025-05-22T10:33:01","slug":"mathis","status":"publish","type":"page","link":"https:\/\/groupenuits.com\/index.php\/mathis\/","title":{"rendered":"mathis"},"content":{"rendered":"\n<div class=\"wp-block-columns is-layout-flex wp-container-core-columns-is-layout-1 wp-block-columns-is-layout-flex\">\n<div class=\"wp-block-column is-layout-flow wp-block-column-is-layout-flow\" style=\"flex-basis:33.33%\">\n<figure class=\"wp-block-image size-large\"><img loading=\"lazy\" decoding=\"async\" width=\"768\" height=\"1024\" src=\"http:\/\/groupenuits.com\/wp-content\/uploads\/2025\/05\/434809767_990422312424694_6658059879738477601_n-768x1024.jpeg\" alt=\"\" class=\"wp-image-1700\" srcset=\"https:\/\/groupenuits.com\/wp-content\/uploads\/2025\/05\/434809767_990422312424694_6658059879738477601_n-768x1024.jpeg 768w, https:\/\/groupenuits.com\/wp-content\/uploads\/2025\/05\/434809767_990422312424694_6658059879738477601_n-225x300.jpeg 225w, https:\/\/groupenuits.com\/wp-content\/uploads\/2025\/05\/434809767_990422312424694_6658059879738477601_n-1152x1536.jpeg 1152w, https:\/\/groupenuits.com\/wp-content\/uploads\/2025\/05\/434809767_990422312424694_6658059879738477601_n-1536x2048.jpeg 1536w, https:\/\/groupenuits.com\/wp-content\/uploads\/2025\/05\/434809767_990422312424694_6658059879738477601_n-scaled.jpeg 1920w\" sizes=\"(max-width: 768px) 100vw, 768px\" \/><\/figure>\n<\/div>\n\n\n\n<div class=\"wp-block-column is-layout-flow wp-block-column-is-layout-flow\" style=\"flex-basis:66.66%\">\n<p><strong>Mathis Brunet-Bahut, sc\u00e9nographe<\/strong><\/p>\n\n\n\n<p>Apr\u00e8s un cursus en art appliqu\u00e9 \u00e0 l\u2019\u00e9cole Duper\u00e9 \u00e0 Paris et un Dipl\u00f4me National d\u2019Art Plastique \u00e0 la Haute \u00c9cole des Arts du Rhin de Strasbourg, Mathis se sp\u00e9cialise en sc\u00e9nographie en int\u00e9grant l\u2019ENSATT en 2018. Il ach\u00e8ve son parcours en concevant en collaboration avec Ariane Germain la sc\u00e9nographie d\u2019Un fil \u00e0 la patte mis en sc\u00e8ne par Claudia Stavisky. En 2019, il participe \u00e0 la fondation du Collectif STP, collectif de cr\u00e9ation et bureau d\u2019accompagnement. Mathis r\u00e9alise plusieurs sc\u00e9nographies pour le spectacle vivant : En voiture Simone &#8211; Cie La Rouquine (th\u00e9\u00e2tre), Printemps &#8211; Cie La Vouivre (danse), LLABYELLOV &#8211; Carlo Cerato (cirque)&#8230; Il participe \u00e9galement en tant qu\u2019accessoiriste, \u00e0 la cr\u00e9ation du spectacle La (nouvelle) Ronde cr\u00e9\u00e9 par Johanny Bert au th\u00e9\u00e2tre de la Croix Rousse. En parall\u00e8le de son travail de concepteur, il est r\u00e9guli\u00e8rement peintre d\u00e9corateur dans diff\u00e9rents ateliers de d\u00e9cor : du TNP, de l\u2019Op\u00e9ra de Lyon ou pour le th\u00e9\u00e2tre du peuple de Bussang.<\/p>\n<\/div>\n<\/div>\n","protected":false},"excerpt":{"rendered":"<p>Mathis Brunet-Bahut, sc\u00e9nographe Apr\u00e8s un cursus en art appliqu\u00e9 \u00e0 l\u2019\u00e9cole Duper\u00e9 \u00e0 Paris et un Dipl\u00f4me National d\u2019Art Plastique \u00e0 la Haute \u00c9cole des Arts du Rhin de Strasbourg, Mathis se sp\u00e9cialise en sc\u00e9nographie en int\u00e9grant l\u2019ENSATT en 2018. Il ach\u00e8ve son parcours en concevant en collaboration avec Ariane Germain la sc\u00e9nographie d\u2019Un fil&hellip;&nbsp;<a href=\"https:\/\/groupenuits.com\/index.php\/mathis\/\" rel=\"bookmark\">Lire la suite &raquo;<span class=\"screen-reader-text\">mathis<\/span><\/a><\/p>\n","protected":false},"author":1,"featured_media":0,"parent":0,"menu_order":0,"comment_status":"closed","ping_status":"closed","template":"","meta":{"neve_meta_sidebar":"","neve_meta_container":"","neve_meta_enable_content_width":"","neve_meta_content_width":0,"neve_meta_title_alignment":"","neve_meta_author_avatar":"","neve_post_elements_order":"","neve_meta_disable_header":"","neve_meta_disable_footer":"","neve_meta_disable_title":"on","footnotes":""},"_links":{"self":[{"href":"https:\/\/groupenuits.com\/index.php\/wp-json\/wp\/v2\/pages\/1891"}],"collection":[{"href":"https:\/\/groupenuits.com\/index.php\/wp-json\/wp\/v2\/pages"}],"about":[{"href":"https:\/\/groupenuits.com\/index.php\/wp-json\/wp\/v2\/types\/page"}],"author":[{"embeddable":true,"href":"https:\/\/groupenuits.com\/index.php\/wp-json\/wp\/v2\/users\/1"}],"replies":[{"embeddable":true,"href":"https:\/\/groupenuits.com\/index.php\/wp-json\/wp\/v2\/comments?post=1891"}],"version-history":[{"count":1,"href":"https:\/\/groupenuits.com\/index.php\/wp-json\/wp\/v2\/pages\/1891\/revisions"}],"predecessor-version":[{"id":1892,"href":"https:\/\/groupenuits.com\/index.php\/wp-json\/wp\/v2\/pages\/1891\/revisions\/1892"}],"wp:attachment":[{"href":"https:\/\/groupenuits.com\/index.php\/wp-json\/wp\/v2\/media?parent=1891"}],"curies":[{"name":"wp","href":"https:\/\/api.w.org\/{rel}","templated":true}]}}

<div class="wp-block-columns is-layout-flex wp-container-core-columns-is-layout-1 wp-block-columns-is-layout-flex">
<div class="wp-block-column is-layout-flow wp-block-column-is-layout-flow" style="flex-basis:33.33%">
<figure class="wp-block-image size-large"><img loading="lazy" decoding="async" width="768" height="1024" src="http://groupenuits.com/wp-content/uploads/2025/05/434809767_990422312424694_6658059879738477601_n-768x1024.jpeg" alt="" class="wp-image-1700" srcset="https://groupenuits.com/wp-content/uploads/2025/05/434809767_990422312424694_6658059879738477601_n-768x1024.jpeg 768w, https://groupenuits.com/wp-content/uploads/2025/05/434809767_990422312424694_6658059879738477601_n-225x300.jpeg 225w, https://groupenuits.com/wp-content/uploads/2025/05/434809767_990422312424694_6658059879738477601_n-1152x1536.jpeg 1152w, https://groupenuits.com/wp-content/uploads/2025/05/434809767_990422312424694_6658059879738477601_n-1536x2048.jpeg 1536w, https://groupenuits.com/wp-content/uploads/2025/05/434809767_990422312424694_6658059879738477601_n-scaled.jpeg 1920w" sizes="(max-width: 768px) 100vw, 768px" /></figure>
</div>



<div class="wp-block-column is-layout-flow wp-block-column-is-layout-flow" style="flex-basis:66.66%">
<p><strong>Mathis Brunet-Bahut, scénographe</strong></p>



<p>Après un cursus en art appliqué à l’école Duperé à Paris et un Diplôme National d’Art Plastique à la Haute École des Arts du Rhin de Strasbourg, Mathis se spécialise en scénographie en intégrant l’ENSATT en 2018. Il achève son parcours en concevant en collaboration avec Ariane Germain la scénographie d’Un fil à la patte mis en scène par Claudia Stavisky. En 2019, il participe à la fondation du Collectif STP, collectif de création et bureau d’accompagnement. Mathis réalise plusieurs scénographies pour le spectacle vivant : En voiture Simone &#8211; Cie La Rouquine (théâtre), Printemps &#8211; Cie La Vouivre (danse), LLABYELLOV &#8211; Carlo Cerato (cirque)&#8230; Il participe également en tant qu’accessoiriste, à la création du spectacle La (nouvelle) Ronde créé par Johanny Bert au théâtre de la Croix Rousse. En parallèle de son travail de concepteur, il est régulièrement peintre décorateur dans différents ateliers de décor : du TNP, de l’Opéra de Lyon ou pour le théâtre du peuple de Bussang.</p>
</div>
</div>

<p>Mathis Brunet-Bahut, scénographe Après un cursus en art appliqué à l’école Duperé à Paris et un Diplôme National d’Art Plastique à la Haute École des Arts du Rhin de Strasbourg, Mathis se spécialise en scénographie en intégrant l’ENSATT en 2018. Il achève son parcours en concevant en collaboration avec Ariane Germain la scénographie d’Un fil&hellip;&nbsp;<a href="https://groupenuits.com/index.php/mathis/" rel="bookmark">Lire la suite &raquo;<span class="screen-reader-text">mathis</span></a></p>
