{"id":1901,"date":"2025-05-22T12:37:25","date_gmt":"2025-05-22T10:37:25","guid":{"rendered":"https:\/\/groupenuits.com\/?page_id=1901"},"modified":"2025-05-23T14:40:33","modified_gmt":"2025-05-23T12:40:33","slug":"jean","status":"publish","type":"page","link":"https:\/\/groupenuits.com\/index.php\/jean\/","title":{"rendered":"jean"},"content":{"rendered":"\n<div class=\"wp-block-columns is-layout-flex wp-container-core-columns-is-layout-1 wp-block-columns-is-layout-flex\">\n<div class=\"wp-block-column is-layout-flow wp-block-column-is-layout-flow\" style=\"flex-basis:33.33%\">\n<figure class=\"wp-block-image size-full\"><img loading=\"lazy\" decoding=\"async\" width=\"300\" height=\"200\" src=\"http:\/\/groupenuits.com\/wp-content\/uploads\/2025\/05\/ENSATT-PHOTO-CONC-SON-GEUDRE-JEAN-300x200-1.jpg\" alt=\"\" class=\"wp-image-1704\"\/><\/figure>\n<\/div>\n\n\n\n<div class=\"wp-block-column is-layout-flow wp-block-column-is-layout-flow\" style=\"flex-basis:66.66%\">\n<p><strong>Jean Gueudr\u00e9, concepteur sonore<\/strong><\/p>\n\n\n\n<p>Il a \u00e9tudi\u00e9 dans la section son \u00e0 l\u2019ENSATT. Son sujet de recherche l\u2019a amen\u00e9 \u00e0 se questionner sur les dispositifs m\u00e9caniques et leur lien avec la cr\u00e9ation sonore. La mise en jeu de ces outils en temps r\u00e9el pour le spectacle vivant mais aussi les arts plastiques l\u2019int\u00e9resse particuli\u00e8rement et continue de nourrir sa passion pour le th\u00e9\u00e2tre d\u2019objet. Par ailleurs sa pratique musicale le rapproche de la noise, de l\u2019ambient, de la techno et de l\u2019exp\u00e9rimental.<\/p>\n<\/div>\n<\/div>\n","protected":false},"excerpt":{"rendered":"<p>Jean Gueudr\u00e9, concepteur sonore Il a \u00e9tudi\u00e9 dans la section son \u00e0 l\u2019ENSATT. Son sujet de recherche l\u2019a amen\u00e9 \u00e0 se questionner sur les dispositifs m\u00e9caniques et leur lien avec la cr\u00e9ation sonore. La mise en jeu de ces outils en temps r\u00e9el pour le spectacle vivant mais aussi les arts plastiques l\u2019int\u00e9resse particuli\u00e8rement et&hellip;&nbsp;<a href=\"https:\/\/groupenuits.com\/index.php\/jean\/\" rel=\"bookmark\">Lire la suite &raquo;<span class=\"screen-reader-text\">jean<\/span><\/a><\/p>\n","protected":false},"author":1,"featured_media":0,"parent":0,"menu_order":0,"comment_status":"closed","ping_status":"closed","template":"","meta":{"neve_meta_sidebar":"","neve_meta_container":"","neve_meta_enable_content_width":"","neve_meta_content_width":0,"neve_meta_title_alignment":"","neve_meta_author_avatar":"","neve_post_elements_order":"","neve_meta_disable_header":"","neve_meta_disable_footer":"","neve_meta_disable_title":"on","footnotes":""},"_links":{"self":[{"href":"https:\/\/groupenuits.com\/index.php\/wp-json\/wp\/v2\/pages\/1901"}],"collection":[{"href":"https:\/\/groupenuits.com\/index.php\/wp-json\/wp\/v2\/pages"}],"about":[{"href":"https:\/\/groupenuits.com\/index.php\/wp-json\/wp\/v2\/types\/page"}],"author":[{"embeddable":true,"href":"https:\/\/groupenuits.com\/index.php\/wp-json\/wp\/v2\/users\/1"}],"replies":[{"embeddable":true,"href":"https:\/\/groupenuits.com\/index.php\/wp-json\/wp\/v2\/comments?post=1901"}],"version-history":[{"count":3,"href":"https:\/\/groupenuits.com\/index.php\/wp-json\/wp\/v2\/pages\/1901\/revisions"}],"predecessor-version":[{"id":1930,"href":"https:\/\/groupenuits.com\/index.php\/wp-json\/wp\/v2\/pages\/1901\/revisions\/1930"}],"wp:attachment":[{"href":"https:\/\/groupenuits.com\/index.php\/wp-json\/wp\/v2\/media?parent=1901"}],"curies":[{"name":"wp","href":"https:\/\/api.w.org\/{rel}","templated":true}]}}

<div class="wp-block-columns is-layout-flex wp-container-core-columns-is-layout-1 wp-block-columns-is-layout-flex">
<div class="wp-block-column is-layout-flow wp-block-column-is-layout-flow" style="flex-basis:33.33%">
<figure class="wp-block-image size-full"><img loading="lazy" decoding="async" width="300" height="200" src="http://groupenuits.com/wp-content/uploads/2025/05/ENSATT-PHOTO-CONC-SON-GEUDRE-JEAN-300x200-1.jpg" alt="" class="wp-image-1704"/></figure>
</div>



<div class="wp-block-column is-layout-flow wp-block-column-is-layout-flow" style="flex-basis:66.66%">
<p><strong>Jean Gueudré, concepteur sonore</strong></p>



<p>Il a étudié dans la section son à l’ENSATT. Son sujet de recherche l’a amené à se questionner sur les dispositifs mécaniques et leur lien avec la création sonore. La mise en jeu de ces outils en temps réel pour le spectacle vivant mais aussi les arts plastiques l’intéresse particulièrement et continue de nourrir sa passion pour le théâtre d’objet. Par ailleurs sa pratique musicale le rapproche de la noise, de l’ambient, de la techno et de l’expérimental.</p>
</div>
</div>

<p>Jean Gueudré, concepteur sonore Il a étudié dans la section son à l’ENSATT. Son sujet de recherche l’a amené à se questionner sur les dispositifs mécaniques et leur lien avec la création sonore. La mise en jeu de ces outils en temps réel pour le spectacle vivant mais aussi les arts plastiques l’intéresse particulièrement et&hellip;&nbsp;<a href="https://groupenuits.com/index.php/jean/" rel="bookmark">Lire la suite &raquo;<span class="screen-reader-text">jean</span></a></p>
