{"id":1910,"date":"2025-05-22T14:36:45","date_gmt":"2025-05-22T12:36:45","guid":{"rendered":"https:\/\/groupenuits.com\/?page_id=1910"},"modified":"2025-05-23T14:51:22","modified_gmt":"2025-05-23T12:51:22","slug":"amaury","status":"publish","type":"page","link":"https:\/\/groupenuits.com\/index.php\/amaury\/","title":{"rendered":"Amaury"},"content":{"rendered":"\n<div class=\"wp-block-columns is-layout-flex wp-container-core-columns-is-layout-1 wp-block-columns-is-layout-flex\">\n<div class=\"wp-block-column is-layout-flow wp-block-column-is-layout-flow\" style=\"flex-basis:33.33%\">\n<figure class=\"wp-block-image size-large\"><img loading=\"lazy\" decoding=\"async\" width=\"683\" height=\"1024\" src=\"http:\/\/groupenuits.com\/wp-content\/uploads\/2025\/05\/IMG_1727-683x1024.jpeg\" alt=\"\" class=\"wp-image-1701\" srcset=\"https:\/\/groupenuits.com\/wp-content\/uploads\/2025\/05\/IMG_1727-683x1024.jpeg 683w, https:\/\/groupenuits.com\/wp-content\/uploads\/2025\/05\/IMG_1727-200x300.jpeg 200w, https:\/\/groupenuits.com\/wp-content\/uploads\/2025\/05\/IMG_1727-768x1152.jpeg 768w, https:\/\/groupenuits.com\/wp-content\/uploads\/2025\/05\/IMG_1727-1024x1536.jpeg 1024w, https:\/\/groupenuits.com\/wp-content\/uploads\/2025\/05\/IMG_1727.jpeg 1365w\" sizes=\"(max-width: 683px) 100vw, 683px\" \/><\/figure>\n<\/div>\n\n\n\n<div class=\"wp-block-column is-layout-flow wp-block-column-is-layout-flow\" style=\"flex-basis:66.66%\">\n<p><strong>Amaury Dupuis, concepteur sonore<\/strong><\/p>\n\n\n\n<p>Apr\u00e8s un BTS audiovisuel et une \u00e9cole d\u2019ing\u00e9nieur, Amaury rentre \u00e0 l\u2019ENSATT en conception sonore en 2020. Il y collabore avec des metteur.euse.s en sc\u00e8ne comme Maurin Ol\u00e8s ou C\u00e9line Champinot. Il participe ensuite \u00e0 la conception sonore d\u2019un spectacle<br>mis en sc\u00e8ne par S\u00e9bastien David, en collaboration avec l\u2019\u00c9cole Nationale de Th\u00e9\u00e2tre du Canada \u00e0 Montr\u00e9al. Puis il collabore avec diverses compagnies de th\u00e9\u00e2tre ou de danse telles que Groupe Nuits, Secteur in Verso, La Seconde Tigre ou encore Parole en Acte, que ce soit en tant que r\u00e9gisseur son ou concepteur son.<\/p>\n<\/div>\n<\/div>\n","protected":false},"excerpt":{"rendered":"<p>Amaury Dupuis, concepteur sonore Apr\u00e8s un BTS audiovisuel et une \u00e9cole d\u2019ing\u00e9nieur, Amaury rentre \u00e0 l\u2019ENSATT en conception sonore en 2020. Il y collabore avec des metteur.euse.s en sc\u00e8ne comme Maurin Ol\u00e8s ou C\u00e9line Champinot. Il participe ensuite \u00e0 la conception sonore d\u2019un spectaclemis en sc\u00e8ne par S\u00e9bastien David, en collaboration avec l\u2019\u00c9cole Nationale de&hellip;&nbsp;<a href=\"https:\/\/groupenuits.com\/index.php\/amaury\/\" rel=\"bookmark\">Lire la suite &raquo;<span class=\"screen-reader-text\">Amaury<\/span><\/a><\/p>\n","protected":false},"author":1,"featured_media":0,"parent":0,"menu_order":0,"comment_status":"closed","ping_status":"closed","template":"","meta":{"neve_meta_sidebar":"","neve_meta_container":"","neve_meta_enable_content_width":"","neve_meta_content_width":0,"neve_meta_title_alignment":"","neve_meta_author_avatar":"","neve_post_elements_order":"","neve_meta_disable_header":"","neve_meta_disable_footer":"","neve_meta_disable_title":"on","footnotes":""},"_links":{"self":[{"href":"https:\/\/groupenuits.com\/index.php\/wp-json\/wp\/v2\/pages\/1910"}],"collection":[{"href":"https:\/\/groupenuits.com\/index.php\/wp-json\/wp\/v2\/pages"}],"about":[{"href":"https:\/\/groupenuits.com\/index.php\/wp-json\/wp\/v2\/types\/page"}],"author":[{"embeddable":true,"href":"https:\/\/groupenuits.com\/index.php\/wp-json\/wp\/v2\/users\/1"}],"replies":[{"embeddable":true,"href":"https:\/\/groupenuits.com\/index.php\/wp-json\/wp\/v2\/comments?post=1910"}],"version-history":[{"count":2,"href":"https:\/\/groupenuits.com\/index.php\/wp-json\/wp\/v2\/pages\/1910\/revisions"}],"predecessor-version":[{"id":1946,"href":"https:\/\/groupenuits.com\/index.php\/wp-json\/wp\/v2\/pages\/1910\/revisions\/1946"}],"wp:attachment":[{"href":"https:\/\/groupenuits.com\/index.php\/wp-json\/wp\/v2\/media?parent=1910"}],"curies":[{"name":"wp","href":"https:\/\/api.w.org\/{rel}","templated":true}]}}

<div class="wp-block-columns is-layout-flex wp-container-core-columns-is-layout-1 wp-block-columns-is-layout-flex">
<div class="wp-block-column is-layout-flow wp-block-column-is-layout-flow" style="flex-basis:33.33%">
<figure class="wp-block-image size-large"><img loading="lazy" decoding="async" width="683" height="1024" src="http://groupenuits.com/wp-content/uploads/2025/05/IMG_1727-683x1024.jpeg" alt="" class="wp-image-1701" srcset="https://groupenuits.com/wp-content/uploads/2025/05/IMG_1727-683x1024.jpeg 683w, https://groupenuits.com/wp-content/uploads/2025/05/IMG_1727-200x300.jpeg 200w, https://groupenuits.com/wp-content/uploads/2025/05/IMG_1727-768x1152.jpeg 768w, https://groupenuits.com/wp-content/uploads/2025/05/IMG_1727-1024x1536.jpeg 1024w, https://groupenuits.com/wp-content/uploads/2025/05/IMG_1727.jpeg 1365w" sizes="(max-width: 683px) 100vw, 683px" /></figure>
</div>



<div class="wp-block-column is-layout-flow wp-block-column-is-layout-flow" style="flex-basis:66.66%">
<p><strong>Amaury Dupuis, concepteur sonore</strong></p>



<p>Après un BTS audiovisuel et une école d’ingénieur, Amaury rentre à l’ENSATT en conception sonore en 2020. Il y collabore avec des metteur.euse.s en scène comme Maurin Olès ou Céline Champinot. Il participe ensuite à la conception sonore d’un spectacle<br>mis en scène par Sébastien David, en collaboration avec l’École Nationale de Théâtre du Canada à Montréal. Puis il collabore avec diverses compagnies de théâtre ou de danse telles que Groupe Nuits, Secteur in Verso, La Seconde Tigre ou encore Parole en Acte, que ce soit en tant que régisseur son ou concepteur son.</p>
</div>
</div>

<p>Amaury Dupuis, concepteur sonore Après un BTS audiovisuel et une école d’ingénieur, Amaury rentre à l’ENSATT en conception sonore en 2020. Il y collabore avec des metteur.euse.s en scène comme Maurin Olès ou Céline Champinot. Il participe ensuite à la conception sonore d’un spectaclemis en scène par Sébastien David, en collaboration avec l’École Nationale de&hellip;&nbsp;<a href="https://groupenuits.com/index.php/amaury/" rel="bookmark">Lire la suite &raquo;<span class="screen-reader-text">Amaury</span></a></p>
