{"id":1914,"date":"2025-05-22T14:37:42","date_gmt":"2025-05-22T12:37:42","guid":{"rendered":"https:\/\/groupenuits.com\/?page_id=1914"},"modified":"2025-05-23T14:49:39","modified_gmt":"2025-05-23T12:49:39","slug":"lois","status":"publish","type":"page","link":"https:\/\/groupenuits.com\/index.php\/lois\/","title":{"rendered":"Lo\u00efs"},"content":{"rendered":"\n<div class=\"wp-block-columns is-layout-flex wp-container-core-columns-is-layout-1 wp-block-columns-is-layout-flex\">\n<div class=\"wp-block-column is-layout-flow wp-block-column-is-layout-flow\" style=\"flex-basis:33.33%\">\n<figure class=\"wp-block-image size-large\"><img loading=\"lazy\" decoding=\"async\" width=\"768\" height=\"1024\" src=\"http:\/\/groupenuits.com\/wp-content\/uploads\/2025\/05\/HECKENDORN-Lois-768x1024.jpg\" alt=\"\" class=\"wp-image-1691\" srcset=\"https:\/\/groupenuits.com\/wp-content\/uploads\/2025\/05\/HECKENDORN-Lois-768x1024.jpg 768w, https:\/\/groupenuits.com\/wp-content\/uploads\/2025\/05\/HECKENDORN-Lois-225x300.jpg 225w, https:\/\/groupenuits.com\/wp-content\/uploads\/2025\/05\/HECKENDORN-Lois-1152x1536.jpg 1152w, https:\/\/groupenuits.com\/wp-content\/uploads\/2025\/05\/HECKENDORN-Lois-1536x2048.jpg 1536w, https:\/\/groupenuits.com\/wp-content\/uploads\/2025\/05\/HECKENDORN-Lois-scaled.jpg 1920w\" sizes=\"(max-width: 768px) 100vw, 768px\" \/><\/figure>\n<\/div>\n\n\n\n<div class=\"wp-block-column is-layout-flow wp-block-column-is-layout-flow\" style=\"flex-basis:66.66%\">\n<p><strong>Lo\u00efs Heckendorn, concepteur costumes<\/strong><\/p>\n\n\n\n<p>Lo\u00efs Heckendorn est un plasticien et costumier. Apr\u00e8s une licence \u00e0 l\u2019\u00c9cole d\u2019Art et de Sc\u00e9nographie de la ville de Monaco, il obtient son Dipl\u00f4me National d\u2019Art et se tourne vers la conception costume pour l\u2019art vivant et l\u2019art contemporain. Il int\u00e8gre l\u2019ENSATT (\u00c9cole Nationale Sup\u00e9rieure des Arts et Techniques du Th\u00e9\u00e2tre) en 2020 pour obtenir un Master en 2023.<\/p>\n\n\n\n<p>Apr\u00e8s s\u2019\u00eatre donn\u00e9 la libert\u00e9 de toucher \u00e0 de multiples m\u00e9diums et avec un int\u00e9r\u00eat prononc\u00e9 pour le design de mode, il m\u00e8ne une recherche autour de la forme sculptural. Il souhaite dans son travail, redonner une place \u00e9gale entre esth\u00e9tique et conceptuelle. Il r\u00e9alisera un projet s\u2019exprimant sous trois m\u00e9diums diff\u00e9rents. Ceux-ci t\u00e9moignent de sa recherche formelle autour de son obsession pour la chaussure \u00e0 talon.<\/p>\n\n\n\n<p>Dans le cadre de son m\u00e9moire, il regarde dans la direction de la taxidermie, une pause pour l\u2019\u00e9ternit\u00e9. C\u2019est presque une qu\u00eate alchimique par l\u2019antinomie de ce que convoque cette pratique. Le travail plastique en lien avec son m\u00e9moire traite d\u2019une esth\u00e9tique du glauque. Il questionne l\u2019id\u00e9e d\u2019une chim\u00e8re humaine compos\u00e9e d\u2019un corps et d\u2019une \u00e2me. Il tente de donner forme \u00e0 l\u2019impalpable sans l\u2019astreindre \u00e0 la mati\u00e8re.<\/p>\n\n\n\n<p>Il signe la cr\u00e9ation costume au Th\u00e9\u00e2tre du Point du Jour de la pi\u00e8ce Des Gens Comme Eux mis en sc\u00e8ne par Eric Mass\u00e9 en octobre 2024.<\/p>\n<\/div>\n<\/div>\n","protected":false},"excerpt":{"rendered":"<p>Lo\u00efs Heckendorn, concepteur costumes Lo\u00efs Heckendorn est un plasticien et costumier. Apr\u00e8s une licence \u00e0 l\u2019\u00c9cole d\u2019Art et de Sc\u00e9nographie de la ville de Monaco, il obtient son Dipl\u00f4me National d\u2019Art et se tourne vers la conception costume pour l\u2019art vivant et l\u2019art contemporain. Il int\u00e8gre l\u2019ENSATT (\u00c9cole Nationale Sup\u00e9rieure des Arts et Techniques du&hellip;&nbsp;<a href=\"https:\/\/groupenuits.com\/index.php\/lois\/\" rel=\"bookmark\">Lire la suite &raquo;<span class=\"screen-reader-text\">Lo\u00efs<\/span><\/a><\/p>\n","protected":false},"author":1,"featured_media":0,"parent":0,"menu_order":0,"comment_status":"closed","ping_status":"closed","template":"","meta":{"neve_meta_sidebar":"","neve_meta_container":"","neve_meta_enable_content_width":"","neve_meta_content_width":0,"neve_meta_title_alignment":"","neve_meta_author_avatar":"","neve_post_elements_order":"","neve_meta_disable_header":"","neve_meta_disable_footer":"","neve_meta_disable_title":"on","footnotes":""},"_links":{"self":[{"href":"https:\/\/groupenuits.com\/index.php\/wp-json\/wp\/v2\/pages\/1914"}],"collection":[{"href":"https:\/\/groupenuits.com\/index.php\/wp-json\/wp\/v2\/pages"}],"about":[{"href":"https:\/\/groupenuits.com\/index.php\/wp-json\/wp\/v2\/types\/page"}],"author":[{"embeddable":true,"href":"https:\/\/groupenuits.com\/index.php\/wp-json\/wp\/v2\/users\/1"}],"replies":[{"embeddable":true,"href":"https:\/\/groupenuits.com\/index.php\/wp-json\/wp\/v2\/comments?post=1914"}],"version-history":[{"count":3,"href":"https:\/\/groupenuits.com\/index.php\/wp-json\/wp\/v2\/pages\/1914\/revisions"}],"predecessor-version":[{"id":1943,"href":"https:\/\/groupenuits.com\/index.php\/wp-json\/wp\/v2\/pages\/1914\/revisions\/1943"}],"wp:attachment":[{"href":"https:\/\/groupenuits.com\/index.php\/wp-json\/wp\/v2\/media?parent=1914"}],"curies":[{"name":"wp","href":"https:\/\/api.w.org\/{rel}","templated":true}]}}