{"id":1916,"date":"2025-05-22T14:37:56","date_gmt":"2025-05-22T12:37:56","guid":{"rendered":"https:\/\/groupenuits.com\/?page_id=1916"},"modified":"2025-05-23T14:44:12","modified_gmt":"2025-05-23T12:44:12","slug":"elie","status":"publish","type":"page","link":"https:\/\/groupenuits.com\/index.php\/elie\/","title":{"rendered":"Elie"},"content":{"rendered":"\n<div class=\"wp-block-columns is-layout-flex wp-container-core-columns-is-layout-1 wp-block-columns-is-layout-flex\">\n<div class=\"wp-block-column is-layout-flow wp-block-column-is-layout-flow\" style=\"flex-basis:33.33%\">\n<figure class=\"wp-block-image size-large\"><img loading=\"lazy\" decoding=\"async\" width=\"1024\" height=\"683\" src=\"http:\/\/groupenuits.com\/wp-content\/uploads\/2025\/05\/Elie.M-2-edited-1-1024x683.jpg\" alt=\"\" class=\"wp-image-1690\" srcset=\"https:\/\/groupenuits.com\/wp-content\/uploads\/2025\/05\/Elie.M-2-edited-1-1024x683.jpg 1024w, https:\/\/groupenuits.com\/wp-content\/uploads\/2025\/05\/Elie.M-2-edited-1-300x200.jpg 300w, https:\/\/groupenuits.com\/wp-content\/uploads\/2025\/05\/Elie.M-2-edited-1-768x512.jpg 768w, https:\/\/groupenuits.com\/wp-content\/uploads\/2025\/05\/Elie.M-2-edited-1-1536x1025.jpg 1536w, https:\/\/groupenuits.com\/wp-content\/uploads\/2025\/05\/Elie.M-2-edited-1-2048x1366.jpg 2048w, https:\/\/groupenuits.com\/wp-content\/uploads\/2025\/05\/Elie.M-2-edited-1-930x620.jpg 930w\" sizes=\"(max-width: 1024px) 100vw, 1024px\" \/><\/figure>\n<\/div>\n\n\n\n<div class=\"wp-block-column is-layout-flow wp-block-column-is-layout-flow\" style=\"flex-basis:66.66%\">\n<p><strong>Elie Martin, concepteur lumi\u00e8re<\/strong><\/p>\n\n\n\n<p>Par la danse, \u00c9lie MARTIN d\u00e9veloppe tr\u00e8s t\u00f4t une sensibilit\u00e9 au mouvement en m\u00eame temps qu\u2019il aiguise son int\u00e9r\u00eat pour la lumi\u00e8re. Il se forme d\u2019abord en r\u00e9gie lumi\u00e8re au DMA du lyc\u00e9e Guist\u2019hau de Nantes puis, c\u2019est \u00e0 l\u2019ENSATT que ce lien entre mouvement et lumi\u00e8re se pr\u00e9cise. Son m\u00e9moire de recherche cr\u00e9ation intitul\u00e9 Coup de froid sur le point chaud, devenir des faisceaux h\u00e9t\u00e9rog\u00e8nes dans la transition des \u00e9clairages sc\u00e9niques vers la LED, traite des contrastes et des accidents lumineux au plateau mais aussi de la n\u00e9cessaire prise en compte des enjeux humains et soci\u00e9taux de la transition \u00e9cologique du spectacle vivant sous l\u2019angle du point chaud.<br>Il pr\u00f4ne une radicalisation des esth\u00e9tiques lumineuses plut\u00f4t que leur standardisation. D\u00e9fenseur d\u2019une lumi\u00e8re qui doit rester mall\u00e9able tant sur le plan technique qu\u2019esth\u00e9tique, il fait du bricolage, du d\u00e9tournement et de la sobri\u00e9t\u00e9 des atouts. En tant qu\u2019\u00e9clairagiste, il recherche une lumi\u00e8re organique qui entre en r\u00e9sonance avec les corps et mod\u00e8le l\u2019espace, autant sur les plateaux qu\u2019en espaces publics et non d\u00e9di\u00e9s. Sa sensibilit\u00e9 au mouvement l\u2019am\u00e8ne naturellement vers la danse, les arts du cirque, la marionnette et la magie nouvelle.<\/p>\n\n\n\n<p>En 2022, il fonde le Groupe Interstices avec Marnie LANGLOIS, Ernest WELISCH et Cl\u00e9o GROUSSET. Convaincus des potentialit\u00e9s que cette rencontre interdisciplinaire permet, ils ont \u00e0 c\u0153ur de d\u00e9velopper des exp\u00e9riences artistiques permettant de trouver des terrains communs de cr\u00e9ation o\u00f9 l\u2019\u00e9criture, la cr\u00e9ation plastique et la performance circassienne se nourrissent mutuellement.<\/p>\n\n\n\n<p>En tant qu\u2019\u00e9clairagiste, r\u00e9gisseur lumi\u00e8re ou r\u00e9gisseur g\u00e9n\u00e9ral il collabore r\u00e9guli\u00e8rement avec la compagnie Morgane de Justine Berthillot, l\u2019Association du Vide de Fragan Gehlker et Anna Tauber, le Groupe Nuits port\u00e9 par Astrid Mayer et Rapha\u00ebl Billet et le Groupe La Galerie port\u00e9 par C\u00e9line Champinot.<\/p>\n<\/div>\n<\/div>\n","protected":false},"excerpt":{"rendered":"<p>Elie Martin, concepteur lumi\u00e8re Par la danse, \u00c9lie MARTIN d\u00e9veloppe tr\u00e8s t\u00f4t une sensibilit\u00e9 au mouvement en m\u00eame temps qu\u2019il aiguise son int\u00e9r\u00eat pour la lumi\u00e8re. Il se forme d\u2019abord en r\u00e9gie lumi\u00e8re au DMA du lyc\u00e9e Guist\u2019hau de Nantes puis, c\u2019est \u00e0 l\u2019ENSATT que ce lien entre mouvement et lumi\u00e8re se pr\u00e9cise. Son m\u00e9moire&hellip;&nbsp;<a href=\"https:\/\/groupenuits.com\/index.php\/elie\/\" rel=\"bookmark\">Lire la suite &raquo;<span class=\"screen-reader-text\">Elie<\/span><\/a><\/p>\n","protected":false},"author":1,"featured_media":0,"parent":0,"menu_order":0,"comment_status":"closed","ping_status":"closed","template":"","meta":{"neve_meta_sidebar":"","neve_meta_container":"","neve_meta_enable_content_width":"","neve_meta_content_width":0,"neve_meta_title_alignment":"","neve_meta_author_avatar":"","neve_post_elements_order":"","neve_meta_disable_header":"","neve_meta_disable_footer":"","neve_meta_disable_title":"on","footnotes":""},"_links":{"self":[{"href":"https:\/\/groupenuits.com\/index.php\/wp-json\/wp\/v2\/pages\/1916"}],"collection":[{"href":"https:\/\/groupenuits.com\/index.php\/wp-json\/wp\/v2\/pages"}],"about":[{"href":"https:\/\/groupenuits.com\/index.php\/wp-json\/wp\/v2\/types\/page"}],"author":[{"embeddable":true,"href":"https:\/\/groupenuits.com\/index.php\/wp-json\/wp\/v2\/users\/1"}],"replies":[{"embeddable":true,"href":"https:\/\/groupenuits.com\/index.php\/wp-json\/wp\/v2\/comments?post=1916"}],"version-history":[{"count":3,"href":"https:\/\/groupenuits.com\/index.php\/wp-json\/wp\/v2\/pages\/1916\/revisions"}],"predecessor-version":[{"id":1935,"href":"https:\/\/groupenuits.com\/index.php\/wp-json\/wp\/v2\/pages\/1916\/revisions\/1935"}],"wp:attachment":[{"href":"https:\/\/groupenuits.com\/index.php\/wp-json\/wp\/v2\/media?parent=1916"}],"curies":[{"name":"wp","href":"https:\/\/api.w.org\/{rel}","templated":true}]}}

<div class="wp-block-columns is-layout-flex wp-container-core-columns-is-layout-1 wp-block-columns-is-layout-flex">
<div class="wp-block-column is-layout-flow wp-block-column-is-layout-flow" style="flex-basis:33.33%">
<figure class="wp-block-image size-large"><img loading="lazy" decoding="async" width="1024" height="683" src="http://groupenuits.com/wp-content/uploads/2025/05/Elie.M-2-edited-1-1024x683.jpg" alt="" class="wp-image-1690" srcset="https://groupenuits.com/wp-content/uploads/2025/05/Elie.M-2-edited-1-1024x683.jpg 1024w, https://groupenuits.com/wp-content/uploads/2025/05/Elie.M-2-edited-1-300x200.jpg 300w, https://groupenuits.com/wp-content/uploads/2025/05/Elie.M-2-edited-1-768x512.jpg 768w, https://groupenuits.com/wp-content/uploads/2025/05/Elie.M-2-edited-1-1536x1025.jpg 1536w, https://groupenuits.com/wp-content/uploads/2025/05/Elie.M-2-edited-1-2048x1366.jpg 2048w, https://groupenuits.com/wp-content/uploads/2025/05/Elie.M-2-edited-1-930x620.jpg 930w" sizes="(max-width: 1024px) 100vw, 1024px" /></figure>
</div>



<div class="wp-block-column is-layout-flow wp-block-column-is-layout-flow" style="flex-basis:66.66%">
<p><strong>Elie Martin, concepteur lumière</strong></p>



<p>Par la danse, Élie MARTIN développe très tôt une sensibilité au mouvement en même temps qu’il aiguise son intérêt pour la lumière. Il se forme d’abord en régie lumière au DMA du lycée Guist’hau de Nantes puis, c’est à l’ENSATT que ce lien entre mouvement et lumière se précise. Son mémoire de recherche création intitulé Coup de froid sur le point chaud, devenir des faisceaux hétérogènes dans la transition des éclairages scéniques vers la LED, traite des contrastes et des accidents lumineux au plateau mais aussi de la nécessaire prise en compte des enjeux humains et sociétaux de la transition écologique du spectacle vivant sous l’angle du point chaud.<br>Il prône une radicalisation des esthétiques lumineuses plutôt que leur standardisation. Défenseur d’une lumière qui doit rester malléable tant sur le plan technique qu’esthétique, il fait du bricolage, du détournement et de la sobriété des atouts. En tant qu’éclairagiste, il recherche une lumière organique qui entre en résonance avec les corps et modèle l’espace, autant sur les plateaux qu’en espaces publics et non dédiés. Sa sensibilité au mouvement l’amène naturellement vers la danse, les arts du cirque, la marionnette et la magie nouvelle.</p>



<p>En 2022, il fonde le Groupe Interstices avec Marnie LANGLOIS, Ernest WELISCH et Cléo GROUSSET. Convaincus des potentialités que cette rencontre interdisciplinaire permet, ils ont à cœur de développer des expériences artistiques permettant de trouver des terrains communs de création où l’écriture, la création plastique et la performance circassienne se nourrissent mutuellement.</p>



<p>En tant qu’éclairagiste, régisseur lumière ou régisseur général il collabore régulièrement avec la compagnie Morgane de Justine Berthillot, l’Association du Vide de Fragan Gehlker et Anna Tauber, le Groupe Nuits porté par Astrid Mayer et Raphaël Billet et le Groupe La Galerie porté par Céline Champinot.</p>
</div>
</div>

<p>Elie Martin, concepteur lumière Par la danse, Élie MARTIN développe très tôt une sensibilité au mouvement en même temps qu’il aiguise son intérêt pour la lumière. Il se forme d’abord en régie lumière au DMA du lycée Guist’hau de Nantes puis, c’est à l’ENSATT que ce lien entre mouvement et lumière se précise. Son mémoire&hellip;&nbsp;<a href="https://groupenuits.com/index.php/elie/" rel="bookmark">Lire la suite &raquo;<span class="screen-reader-text">Elie</span></a></p>
