{"id":1918,"date":"2025-05-22T14:38:26","date_gmt":"2025-05-22T12:38:26","guid":{"rendered":"https:\/\/groupenuits.com\/?page_id=1918"},"modified":"2025-05-23T14:38:24","modified_gmt":"2025-05-23T12:38:24","slug":"estelle","status":"publish","type":"page","link":"https:\/\/groupenuits.com\/index.php\/estelle\/","title":{"rendered":"Estelle"},"content":{"rendered":"\n<div class=\"wp-block-columns is-layout-flex wp-container-core-columns-is-layout-1 wp-block-columns-is-layout-flex\">\n<div class=\"wp-block-column is-layout-flow wp-block-column-is-layout-flow\" style=\"flex-basis:33.33%\">\n<figure class=\"wp-block-image size-large\"><img loading=\"lazy\" decoding=\"async\" width=\"1024\" height=\"683\" src=\"http:\/\/groupenuits.com\/wp-content\/uploads\/2022\/07\/garanceli-TVEC10-2809-205-1024x683.jpg\" alt=\"\" class=\"wp-image-1184\" srcset=\"https:\/\/groupenuits.com\/wp-content\/uploads\/2022\/07\/garanceli-TVEC10-2809-205-1024x683.jpg 1024w, https:\/\/groupenuits.com\/wp-content\/uploads\/2022\/07\/garanceli-TVEC10-2809-205-300x200.jpg 300w, https:\/\/groupenuits.com\/wp-content\/uploads\/2022\/07\/garanceli-TVEC10-2809-205-768x512.jpg 768w, https:\/\/groupenuits.com\/wp-content\/uploads\/2022\/07\/garanceli-TVEC10-2809-205-930x620.jpg 930w, https:\/\/groupenuits.com\/wp-content\/uploads\/2022\/07\/garanceli-TVEC10-2809-205.jpg 1500w\" sizes=\"(max-width: 1024px) 100vw, 1024px\" \/><\/figure>\n<\/div>\n\n\n\n<div class=\"wp-block-column is-layout-flow wp-block-column-is-layout-flow\" style=\"flex-basis:66.66%\">\n<p><strong>Estelle Olivier, regard exterieur chor\u00e9graphique &amp; th\u00e9\u00e2tral<\/strong><\/p>\n\n\n\n<p>Estelle est amoureuse de litt\u00e9rature et de mouvement. Apr\u00e8s des \u00e9tudes de Lettres Modernes (ENS-Lyon), elle se tourne vers son 1er amour, la danse. Elle se forme au centre de formation chor\u00e9graphique D\u00e9soblique o\u00f9 elle obtient son D.E. de danse contemporaine (2015) et poursuit \u00e9galement des \u00e9tudes de Notation Benesh aupr\u00e8s du CNSMDP (2014).<\/p>\n\n\n\n<p>Elle aime \u00e0 faire se rencontrer danse et mots. Elle cr\u00e9e et interpr\u00e8te des spectacles aupr\u00e8s de diff\u00e9rentes compagnies : Puisette &amp; Fragile (Cie Paradisiaque \u2013 2017), pi\u00e8ce jeune public, \u00e9crite \u00e0 quatre mains, dont l\u2019album jeunesse, illustr\u00e9 par Samuel Ribeyron, est \u00e0 para\u00eetre aux Editions du Seuil jeunesse (automne 2021). Eprise de grand air et de voyages \u00e0 v\u00e9lo, elle invente la pi\u00e8ce @2 (Cie L\u2019aigrette -2021) aux c\u00f4t\u00e9s de G. Monin, puisant dans la danse, le cirque et l\u2019escalade pour donner vie \u00e0 ce road-trip cyclop\u00e9dique. En collaboration avec L. Buathier (Cie Rupa), elle cr\u00e9e Jardin (automne 2021), tryptique dans\u00e9 \u00e0 destination de la toute petite enfance. Elle est aussi interpr\u00e8te pour les Cies Dynamo et R\u00eave de singe.<\/p>\n\n\n\n<p>Elle est la collaboratrice artistique de la metteuse en sc\u00e8ne Ma\u00efanne Barth\u00e8s (Cie Spell Mistake(s)) pour Je suis venu.e pour rien (2021) et Le Plateau (cr\u00e9ation 2022). Elle a \u00e9galement mis en sc\u00e8ne Autre (2021), spectacle imagin\u00e9 et dans\u00e9 par Virginie Barjonet (Cie Dynamo).<\/p>\n\n\n\n<p>Elle rejoint Groupe Nuits en tant que regard ext\u00e9rieur pour la pi\u00e8ce Ce qui nous lie (cr\u00e9ation 2022).<br>En parall\u00e8le \u00e0 la cr\u00e9ation, Estelle enseigne la danse en milieu scolaire, universitaire, aupr\u00e8s de la toute petite enfance, de personnes \u00e2g\u00e9es ou en situation de handicap.<\/p>\n<\/div>\n<\/div>\n","protected":false},"excerpt":{"rendered":"<p>Estelle Olivier, regard exterieur chor\u00e9graphique &amp; th\u00e9\u00e2tral Estelle est amoureuse de litt\u00e9rature et de mouvement. Apr\u00e8s des \u00e9tudes de Lettres Modernes (ENS-Lyon), elle se tourne vers son 1er amour, la danse. Elle se forme au centre de formation chor\u00e9graphique D\u00e9soblique o\u00f9 elle obtient son D.E. de danse contemporaine (2015) et poursuit \u00e9galement des \u00e9tudes de&hellip;&nbsp;<a href=\"https:\/\/groupenuits.com\/index.php\/estelle\/\" rel=\"bookmark\">Lire la suite &raquo;<span class=\"screen-reader-text\">Estelle<\/span><\/a><\/p>\n","protected":false},"author":1,"featured_media":0,"parent":0,"menu_order":0,"comment_status":"closed","ping_status":"closed","template":"","meta":{"neve_meta_sidebar":"","neve_meta_container":"","neve_meta_enable_content_width":"","neve_meta_content_width":0,"neve_meta_title_alignment":"","neve_meta_author_avatar":"","neve_post_elements_order":"","neve_meta_disable_header":"","neve_meta_disable_footer":"","neve_meta_disable_title":"on","footnotes":""},"_links":{"self":[{"href":"https:\/\/groupenuits.com\/index.php\/wp-json\/wp\/v2\/pages\/1918"}],"collection":[{"href":"https:\/\/groupenuits.com\/index.php\/wp-json\/wp\/v2\/pages"}],"about":[{"href":"https:\/\/groupenuits.com\/index.php\/wp-json\/wp\/v2\/types\/page"}],"author":[{"embeddable":true,"href":"https:\/\/groupenuits.com\/index.php\/wp-json\/wp\/v2\/users\/1"}],"replies":[{"embeddable":true,"href":"https:\/\/groupenuits.com\/index.php\/wp-json\/wp\/v2\/comments?post=1918"}],"version-history":[{"count":3,"href":"https:\/\/groupenuits.com\/index.php\/wp-json\/wp\/v2\/pages\/1918\/revisions"}],"predecessor-version":[{"id":1928,"href":"https:\/\/groupenuits.com\/index.php\/wp-json\/wp\/v2\/pages\/1918\/revisions\/1928"}],"wp:attachment":[{"href":"https:\/\/groupenuits.com\/index.php\/wp-json\/wp\/v2\/media?parent=1918"}],"curies":[{"name":"wp","href":"https:\/\/api.w.org\/{rel}","templated":true}]}}

<div class="wp-block-columns is-layout-flex wp-container-core-columns-is-layout-1 wp-block-columns-is-layout-flex">
<div class="wp-block-column is-layout-flow wp-block-column-is-layout-flow" style="flex-basis:33.33%">
<figure class="wp-block-image size-large"><img loading="lazy" decoding="async" width="1024" height="683" src="http://groupenuits.com/wp-content/uploads/2022/07/garanceli-TVEC10-2809-205-1024x683.jpg" alt="" class="wp-image-1184" srcset="https://groupenuits.com/wp-content/uploads/2022/07/garanceli-TVEC10-2809-205-1024x683.jpg 1024w, https://groupenuits.com/wp-content/uploads/2022/07/garanceli-TVEC10-2809-205-300x200.jpg 300w, https://groupenuits.com/wp-content/uploads/2022/07/garanceli-TVEC10-2809-205-768x512.jpg 768w, https://groupenuits.com/wp-content/uploads/2022/07/garanceli-TVEC10-2809-205-930x620.jpg 930w, https://groupenuits.com/wp-content/uploads/2022/07/garanceli-TVEC10-2809-205.jpg 1500w" sizes="(max-width: 1024px) 100vw, 1024px" /></figure>
</div>



<div class="wp-block-column is-layout-flow wp-block-column-is-layout-flow" style="flex-basis:66.66%">
<p><strong>Estelle Olivier, regard exterieur chorégraphique &amp; théâtral</strong></p>



<p>Estelle est amoureuse de littérature et de mouvement. Après des études de Lettres Modernes (ENS-Lyon), elle se tourne vers son 1er amour, la danse. Elle se forme au centre de formation chorégraphique Désoblique où elle obtient son D.E. de danse contemporaine (2015) et poursuit également des études de Notation Benesh auprès du CNSMDP (2014).</p>



<p>Elle aime à faire se rencontrer danse et mots. Elle crée et interprète des spectacles auprès de différentes compagnies : Puisette &amp; Fragile (Cie Paradisiaque – 2017), pièce jeune public, écrite à quatre mains, dont l’album jeunesse, illustré par Samuel Ribeyron, est à paraître aux Editions du Seuil jeunesse (automne 2021). Eprise de grand air et de voyages à vélo, elle invente la pièce @2 (Cie L’aigrette -2021) aux côtés de G. Monin, puisant dans la danse, le cirque et l’escalade pour donner vie à ce road-trip cyclopédique. En collaboration avec L. Buathier (Cie Rupa), elle crée Jardin (automne 2021), tryptique dansé à destination de la toute petite enfance. Elle est aussi interprète pour les Cies Dynamo et Rêve de singe.</p>



<p>Elle est la collaboratrice artistique de la metteuse en scène Maïanne Barthès (Cie Spell Mistake(s)) pour Je suis venu.e pour rien (2021) et Le Plateau (création 2022). Elle a également mis en scène Autre (2021), spectacle imaginé et dansé par Virginie Barjonet (Cie Dynamo).</p>



<p>Elle rejoint Groupe Nuits en tant que regard extérieur pour la pièce Ce qui nous lie (création 2022).<br>En parallèle à la création, Estelle enseigne la danse en milieu scolaire, universitaire, auprès de la toute petite enfance, de personnes âgées ou en situation de handicap.</p>
</div>
</div>

<p>Estelle Olivier, regard exterieur chorégraphique &amp; théâtral Estelle est amoureuse de littérature et de mouvement. Après des études de Lettres Modernes (ENS-Lyon), elle se tourne vers son 1er amour, la danse. Elle se forme au centre de formation chorégraphique Désoblique où elle obtient son D.E. de danse contemporaine (2015) et poursuit également des études de&hellip;&nbsp;<a href="https://groupenuits.com/index.php/estelle/" rel="bookmark">Lire la suite &raquo;<span class="screen-reader-text">Estelle</span></a></p>
