{"id":1948,"date":"2025-05-23T14:53:10","date_gmt":"2025-05-23T12:53:10","guid":{"rendered":"https:\/\/groupenuits.com\/?page_id=1948"},"modified":"2025-05-23T14:54:26","modified_gmt":"2025-05-23T12:54:26","slug":"laure","status":"publish","type":"page","link":"https:\/\/groupenuits.com\/index.php\/laure\/","title":{"rendered":"laure"},"content":{"rendered":"\n<div class=\"wp-block-columns is-layout-flex wp-container-core-columns-is-layout-1 wp-block-columns-is-layout-flex\">\n<div class=\"wp-block-column is-layout-flow wp-block-column-is-layout-flow\" style=\"flex-basis:33.33%\">\n<figure class=\"wp-block-image size-large\"><img loading=\"lazy\" decoding=\"async\" width=\"1024\" height=\"683\" src=\"http:\/\/groupenuits.com\/wp-content\/uploads\/2024\/06\/garanceli-aigrette-crache2019-033-1024x683.jpg\" alt=\"\" class=\"wp-image-1515\" srcset=\"https:\/\/groupenuits.com\/wp-content\/uploads\/2024\/06\/garanceli-aigrette-crache2019-033-1024x683.jpg 1024w, https:\/\/groupenuits.com\/wp-content\/uploads\/2024\/06\/garanceli-aigrette-crache2019-033-300x200.jpg 300w, https:\/\/groupenuits.com\/wp-content\/uploads\/2024\/06\/garanceli-aigrette-crache2019-033-768x512.jpg 768w, https:\/\/groupenuits.com\/wp-content\/uploads\/2024\/06\/garanceli-aigrette-crache2019-033-930x620.jpg 930w, https:\/\/groupenuits.com\/wp-content\/uploads\/2024\/06\/garanceli-aigrette-crache2019-033.jpg 1500w\" sizes=\"(max-width: 1024px) 100vw, 1024px\" \/><\/figure>\n<\/div>\n\n\n\n<div class=\"wp-block-column is-layout-flow wp-block-column-is-layout-flow\" style=\"flex-basis:66.66%\">\n<p><strong>Laure Buathier, regard ext\u00e9rieur chor\u00e9graphique<\/strong><\/p>\n\n\n\n<p>Elle se forme tout d\u2019abord \u00e0 Montpellier comme danseuse interpr\u00e8te puis comme professeur de danse (Epsedanse). A Lyon, elle danse pour la Cie D\u00e9soblique et le kollectif MacGuffin. Elle travaille en th\u00e9\u00e2tre musical avec la Cie CesTempsCi. Elle chor\u00e9graphie pour la Biennale de la danse (Lyon) en 2010 ainsi que plusieurs pi\u00e8ces pour les \u00e9tudiants du Centre de Formation en Danse d\u00e9soblique. Elle devient en parall\u00e8le formatrice de professeurs de danse au sein du CFDd, puis se sp\u00e9cialise dans l\u2019enseignement de la danse \u00e0 destination des enfants et suit la \u00abFormation de Formateurs Eveil\/ Initiation\u00bb de Bernadette Leguil au CND en 2016. Elle intervient dans diff\u00e9rentes \u00e9coles, cr\u00e8ches, et observe comment les enfants se laissent traverser par la danse, la fa\u00e7on dont ils s\u2019en emparent pour aller vers soi et vers l\u2019Autre. Elle se forme parall\u00e8lement en vini yoga et \u00e0 l\u2019enseignement du Yoga. \u00c0 l\u2019\u00e9coute des murmures, de l\u2019infiniment petit, elle cherche les petites choses qui se disent au creux d\u2019une oreille, dans le pli d\u2019un corps, dans l\u2019\u00e9lan d\u2019un geste, et qui nous relient \u00e0 l\u2019immense et \u00e0 l\u2019Autre.<\/p>\n\n\n\n<p>En 2019, elle cr\u00e9e la Cie Rupa. Elle accompagne la Cie L\u2019aigrette (38) en tant que regard ext\u00e9rieur de la cr\u00e9ation @2. Pour la saison 2019-20 elle est en charge de cr\u00e9er Int\u00e9rieur.e.s, pi\u00e8ce in situ pour les \u00e9tudiants sport-\u00e9tude danse de l\u2019INSA Lyon.<\/p>\n<\/div>\n<\/div>\n","protected":false},"excerpt":{"rendered":"<p>Laure Buathier, regard ext\u00e9rieur chor\u00e9graphique Elle se forme tout d\u2019abord \u00e0 Montpellier comme danseuse interpr\u00e8te puis comme professeur de danse (Epsedanse). A Lyon, elle danse pour la Cie D\u00e9soblique et le kollectif MacGuffin. Elle travaille en th\u00e9\u00e2tre musical avec la Cie CesTempsCi. Elle chor\u00e9graphie pour la Biennale de la danse (Lyon) en 2010 ainsi que&hellip;&nbsp;<a href=\"https:\/\/groupenuits.com\/index.php\/laure\/\" rel=\"bookmark\">Lire la suite &raquo;<span class=\"screen-reader-text\">laure<\/span><\/a><\/p>\n","protected":false},"author":1,"featured_media":0,"parent":0,"menu_order":0,"comment_status":"closed","ping_status":"closed","template":"","meta":{"neve_meta_sidebar":"","neve_meta_container":"","neve_meta_enable_content_width":"","neve_meta_content_width":0,"neve_meta_title_alignment":"","neve_meta_author_avatar":"","neve_post_elements_order":"","neve_meta_disable_header":"","neve_meta_disable_footer":"","neve_meta_disable_title":"on","footnotes":""},"_links":{"self":[{"href":"https:\/\/groupenuits.com\/index.php\/wp-json\/wp\/v2\/pages\/1948"}],"collection":[{"href":"https:\/\/groupenuits.com\/index.php\/wp-json\/wp\/v2\/pages"}],"about":[{"href":"https:\/\/groupenuits.com\/index.php\/wp-json\/wp\/v2\/types\/page"}],"author":[{"embeddable":true,"href":"https:\/\/groupenuits.com\/index.php\/wp-json\/wp\/v2\/users\/1"}],"replies":[{"embeddable":true,"href":"https:\/\/groupenuits.com\/index.php\/wp-json\/wp\/v2\/comments?post=1948"}],"version-history":[{"count":2,"href":"https:\/\/groupenuits.com\/index.php\/wp-json\/wp\/v2\/pages\/1948\/revisions"}],"predecessor-version":[{"id":1951,"href":"https:\/\/groupenuits.com\/index.php\/wp-json\/wp\/v2\/pages\/1948\/revisions\/1951"}],"wp:attachment":[{"href":"https:\/\/groupenuits.com\/index.php\/wp-json\/wp\/v2\/media?parent=1948"}],"curies":[{"name":"wp","href":"https:\/\/api.w.org\/{rel}","templated":true}]}}

<div class="wp-block-columns is-layout-flex wp-container-core-columns-is-layout-1 wp-block-columns-is-layout-flex">
<div class="wp-block-column is-layout-flow wp-block-column-is-layout-flow" style="flex-basis:33.33%">
<figure class="wp-block-image size-large"><img loading="lazy" decoding="async" width="1024" height="683" src="http://groupenuits.com/wp-content/uploads/2024/06/garanceli-aigrette-crache2019-033-1024x683.jpg" alt="" class="wp-image-1515" srcset="https://groupenuits.com/wp-content/uploads/2024/06/garanceli-aigrette-crache2019-033-1024x683.jpg 1024w, https://groupenuits.com/wp-content/uploads/2024/06/garanceli-aigrette-crache2019-033-300x200.jpg 300w, https://groupenuits.com/wp-content/uploads/2024/06/garanceli-aigrette-crache2019-033-768x512.jpg 768w, https://groupenuits.com/wp-content/uploads/2024/06/garanceli-aigrette-crache2019-033-930x620.jpg 930w, https://groupenuits.com/wp-content/uploads/2024/06/garanceli-aigrette-crache2019-033.jpg 1500w" sizes="(max-width: 1024px) 100vw, 1024px" /></figure>
</div>



<div class="wp-block-column is-layout-flow wp-block-column-is-layout-flow" style="flex-basis:66.66%">
<p><strong>Laure Buathier, regard extérieur chorégraphique</strong></p>



<p>Elle se forme tout d’abord à Montpellier comme danseuse interprète puis comme professeur de danse (Epsedanse). A Lyon, elle danse pour la Cie Désoblique et le kollectif MacGuffin. Elle travaille en théâtre musical avec la Cie CesTempsCi. Elle chorégraphie pour la Biennale de la danse (Lyon) en 2010 ainsi que plusieurs pièces pour les étudiants du Centre de Formation en Danse désoblique. Elle devient en parallèle formatrice de professeurs de danse au sein du CFDd, puis se spécialise dans l’enseignement de la danse à destination des enfants et suit la «Formation de Formateurs Eveil/ Initiation» de Bernadette Leguil au CND en 2016. Elle intervient dans différentes écoles, crèches, et observe comment les enfants se laissent traverser par la danse, la façon dont ils s’en emparent pour aller vers soi et vers l’Autre. Elle se forme parallèlement en vini yoga et à l’enseignement du Yoga. À l’écoute des murmures, de l’infiniment petit, elle cherche les petites choses qui se disent au creux d’une oreille, dans le pli d’un corps, dans l’élan d’un geste, et qui nous relient à l’immense et à l’Autre.</p>



<p>En 2019, elle crée la Cie Rupa. Elle accompagne la Cie L’aigrette (38) en tant que regard extérieur de la création @2. Pour la saison 2019-20 elle est en charge de créer Intérieur.e.s, pièce in situ pour les étudiants sport-étude danse de l’INSA Lyon.</p>
</div>
</div>

<p>Laure Buathier, regard extérieur chorégraphique Elle se forme tout d’abord à Montpellier comme danseuse interprète puis comme professeur de danse (Epsedanse). A Lyon, elle danse pour la Cie Désoblique et le kollectif MacGuffin. Elle travaille en théâtre musical avec la Cie CesTempsCi. Elle chorégraphie pour la Biennale de la danse (Lyon) en 2010 ainsi que&hellip;&nbsp;<a href="https://groupenuits.com/index.php/laure/" rel="bookmark">Lire la suite &raquo;<span class="screen-reader-text">laure</span></a></p>
