{"id":1961,"date":"2025-06-02T20:34:09","date_gmt":"2025-06-02T18:34:09","guid":{"rendered":"http:\/\/groupenuits.com\/?page_id=1961"},"modified":"2025-06-02T20:37:39","modified_gmt":"2025-06-02T18:37:39","slug":"matthis","status":"publish","type":"page","link":"https:\/\/groupenuits.com\/index.php\/matthis\/","title":{"rendered":"matthis"},"content":{"rendered":"\n<div class=\"wp-block-columns is-layout-flex wp-container-core-columns-is-layout-1 wp-block-columns-is-layout-flex\">\n<div class=\"wp-block-column is-layout-flow wp-block-column-is-layout-flow\" style=\"flex-basis:33.33%\">\n<figure class=\"wp-block-image size-full\"><img loading=\"lazy\" decoding=\"async\" width=\"781\" height=\"830\" src=\"https:\/\/groupenuits.com\/wp-content\/uploads\/2025\/06\/Photo.jpg\" alt=\"\" class=\"wp-image-1964\" srcset=\"https:\/\/groupenuits.com\/wp-content\/uploads\/2025\/06\/Photo.jpg 781w, https:\/\/groupenuits.com\/wp-content\/uploads\/2025\/06\/Photo-282x300.jpg 282w, https:\/\/groupenuits.com\/wp-content\/uploads\/2025\/06\/Photo-768x816.jpg 768w\" sizes=\"(max-width: 781px) 100vw, 781px\" \/><\/figure>\n<\/div>\n\n\n\n<div class=\"wp-block-column is-layout-flow wp-block-column-is-layout-flow\" style=\"flex-basis:66.66%\">\n<p><strong>Matthis Lain\u00e9 Silas, interpr\u00e8te (danse)<\/strong><\/p>\n\n\n\n<p>Matthis est un danseur et chor\u00e9graphe Fran\u00e7ais bas\u00e9 \u00e0 Bruxelles et en Normandie. Il \u00e9tudie la danse au Jeune-Ballet D\u00e9soblique de Lyon et dans la section Danse-Etudes de l&rsquo;INSA de Lyon en parall\u00e8le de ses \u00e9tudes d&rsquo;ing\u00e9nieur en \u00e9nergie et environnement. Ce parcours am\u00e9nag\u00e9 lui permet de d\u00e9couvrir le travail d&rsquo;Anne Teresa de Keersmaeker, de Wim Vandekeybus ou de Yuval Pick par l&rsquo;interm\u00e9diaire de leurs danseurs et d&rsquo;effectuer des stages aupr\u00e8s de Jan Martens, Omar Rajeh, Liz Santoro, Thomas Hauert et Clara Furey. Il danse, entre autre, dans \u00ab\u00a0Tendre carcasse\u00a0\u00bb et \u00ab\u00a0Jour de F\u00eate\u00a0\u00bb d&rsquo;Arthur Perole, dans \u00ab\u00a0Si j&rsquo;\u00e9tais ton miroir\u00a0\u00bb d&rsquo;Elodie Lefebvre et est assistant chor\u00e9graphique pour \u00ab\u00a0Barroco\u00a0\u00bb de la Cie L&rsquo;Inconnue. Il chor\u00e9graphie dans le cadre de l&rsquo;Artist Diploma du CNSMDL avec\u00a0Yi-Hsuan Chen. Il d\u00e9veloppe ses propres projets en s&rsquo;inspirant des sciences pures et de la fascia danse et cherche \u00e0 r\u00e9int\u00e9grer le rapport au sensible dans des syst\u00e8mes o\u00f9 la sensibilit\u00e9 est per\u00e7ue comme une faiblesse. Il\u00a0d\u00e9fend l\u2019\u00e9tat po\u00e9tique d\u00e9crit par Patrick Chamoiseau : \u00ab\u00a0C\u2019est d\u00e9velopper une mani\u00e8re de vivre qui soit tellement sensible, attentive, contemplative et compassionnelle, qu\u2019on arrive \u00e0 amplifier son champ de perception et \u00e0 ne rien ignorer de ce qu\u2019il y a autour de nous.\u00a0\u00bb<\/p>\n<\/div>\n<\/div>\n","protected":false},"excerpt":{"rendered":"<p>Matthis Lain\u00e9 Silas, interpr\u00e8te (danse) Matthis est un danseur et chor\u00e9graphe Fran\u00e7ais bas\u00e9 \u00e0 Bruxelles et en Normandie. Il \u00e9tudie la danse au Jeune-Ballet D\u00e9soblique de Lyon et dans la section Danse-Etudes de l&rsquo;INSA de Lyon en parall\u00e8le de ses \u00e9tudes d&rsquo;ing\u00e9nieur en \u00e9nergie et environnement. Ce parcours am\u00e9nag\u00e9 lui permet de d\u00e9couvrir le travail&hellip;&nbsp;<a href=\"https:\/\/groupenuits.com\/index.php\/matthis\/\" rel=\"bookmark\">Lire la suite &raquo;<span class=\"screen-reader-text\">matthis<\/span><\/a><\/p>\n","protected":false},"author":1,"featured_media":0,"parent":0,"menu_order":0,"comment_status":"closed","ping_status":"closed","template":"","meta":{"neve_meta_sidebar":"","neve_meta_container":"","neve_meta_enable_content_width":"","neve_meta_content_width":0,"neve_meta_title_alignment":"","neve_meta_author_avatar":"","neve_post_elements_order":"","neve_meta_disable_header":"","neve_meta_disable_footer":"","neve_meta_disable_title":"on","footnotes":""},"_links":{"self":[{"href":"https:\/\/groupenuits.com\/index.php\/wp-json\/wp\/v2\/pages\/1961"}],"collection":[{"href":"https:\/\/groupenuits.com\/index.php\/wp-json\/wp\/v2\/pages"}],"about":[{"href":"https:\/\/groupenuits.com\/index.php\/wp-json\/wp\/v2\/types\/page"}],"author":[{"embeddable":true,"href":"https:\/\/groupenuits.com\/index.php\/wp-json\/wp\/v2\/users\/1"}],"replies":[{"embeddable":true,"href":"https:\/\/groupenuits.com\/index.php\/wp-json\/wp\/v2\/comments?post=1961"}],"version-history":[{"count":3,"href":"https:\/\/groupenuits.com\/index.php\/wp-json\/wp\/v2\/pages\/1961\/revisions"}],"predecessor-version":[{"id":1967,"href":"https:\/\/groupenuits.com\/index.php\/wp-json\/wp\/v2\/pages\/1961\/revisions\/1967"}],"wp:attachment":[{"href":"https:\/\/groupenuits.com\/index.php\/wp-json\/wp\/v2\/media?parent=1961"}],"curies":[{"name":"wp","href":"https:\/\/api.w.org\/{rel}","templated":true}]}}

<div class="wp-block-columns is-layout-flex wp-container-core-columns-is-layout-1 wp-block-columns-is-layout-flex">
<div class="wp-block-column is-layout-flow wp-block-column-is-layout-flow" style="flex-basis:33.33%">
<figure class="wp-block-image size-full"><img loading="lazy" decoding="async" width="781" height="830" src="https://groupenuits.com/wp-content/uploads/2025/06/Photo.jpg" alt="" class="wp-image-1964" srcset="https://groupenuits.com/wp-content/uploads/2025/06/Photo.jpg 781w, https://groupenuits.com/wp-content/uploads/2025/06/Photo-282x300.jpg 282w, https://groupenuits.com/wp-content/uploads/2025/06/Photo-768x816.jpg 768w" sizes="(max-width: 781px) 100vw, 781px" /></figure>
</div>



<div class="wp-block-column is-layout-flow wp-block-column-is-layout-flow" style="flex-basis:66.66%">
<p><strong>Matthis Lainé Silas, interprète (danse)</strong></p>



<p>Matthis est un danseur et chorégraphe Français basé à Bruxelles et en Normandie. Il étudie la danse au Jeune-Ballet Désoblique de Lyon et dans la section Danse-Etudes de l&rsquo;INSA de Lyon en parallèle de ses études d&rsquo;ingénieur en énergie et environnement. Ce parcours aménagé lui permet de découvrir le travail d&rsquo;Anne Teresa de Keersmaeker, de Wim Vandekeybus ou de Yuval Pick par l&rsquo;intermédiaire de leurs danseurs et d&rsquo;effectuer des stages auprès de Jan Martens, Omar Rajeh, Liz Santoro, Thomas Hauert et Clara Furey. Il danse, entre autre, dans « Tendre carcasse » et « Jour de Fête » d&rsquo;Arthur Perole, dans « Si j&rsquo;étais ton miroir » d&rsquo;Elodie Lefebvre et est assistant chorégraphique pour « Barroco » de la Cie L&rsquo;Inconnue. Il chorégraphie dans le cadre de l&rsquo;Artist Diploma du CNSMDL avec Yi-Hsuan Chen. Il développe ses propres projets en s&rsquo;inspirant des sciences pures et de la fascia danse et cherche à réintégrer le rapport au sensible dans des systèmes où la sensibilité est perçue comme une faiblesse. Il défend l’état poétique décrit par Patrick Chamoiseau : « C’est développer une manière de vivre qui soit tellement sensible, attentive, contemplative et compassionnelle, qu’on arrive à amplifier son champ de perception et à ne rien ignorer de ce qu’il y a autour de nous. »</p>
</div>
</div>

<p>Matthis Lainé Silas, interprète (danse) Matthis est un danseur et chorégraphe Français basé à Bruxelles et en Normandie. Il étudie la danse au Jeune-Ballet Désoblique de Lyon et dans la section Danse-Etudes de l&rsquo;INSA de Lyon en parallèle de ses études d&rsquo;ingénieur en énergie et environnement. Ce parcours aménagé lui permet de découvrir le travail&hellip;&nbsp;<a href="https://groupenuits.com/index.php/matthis/" rel="bookmark">Lire la suite &raquo;<span class="screen-reader-text">matthis</span></a></p>
