{"id":34,"date":"2017-12-28T15:55:51","date_gmt":"2017-12-28T14:55:51","guid":{"rendered":"http:\/\/groupenuits.com\/?page_id=34"},"modified":"2026-04-01T18:07:22","modified_gmt":"2026-04-01T16:07:22","slug":"calendrier","status":"publish","type":"page","link":"https:\/\/groupenuits.com\/index.php\/calendrier\/","title":{"rendered":"calendrier"},"content":{"rendered":"\n<h2 class=\"wp-block-heading\">2026<\/h2>\n\n\n\n<p><a href=\"http:\/\/groupenuits.com\/index.php\/ce-qui-nous-lie\/\"><strong>FRAGILE<\/strong><\/a> &#8211; cr\u00e9ation 2026<br><strong>13\u00a0au 17.04<\/strong>\u00a0\/ r\u00e9sidence \/\u00a0P\u00f4le Pik en partenariat avec les Utopistes \/ Bron<br><strong>16 au 20.02<\/strong>\u00a0\/ r\u00e9sidence \/\u00a0Com\u00e9die de Clermont<br><strong>05 au 10.01<\/strong>\u00a0\/ r\u00e9sidence \/\u00a0Maison du Cirque\u00a0\/ Bourg-en-Bresse<br>&#8212;<br><strong>17.04<\/strong> <strong>\u00e0 15h\u00a0<\/strong>\/ sortie de r\u00e9sidence \/ P\u00f4le Pik\u00a0\/ Bron<br><strong>20.02 \u00e0 18h<\/strong>\u00a0\/ sortie de r\u00e9sidence \/\u00a0Com\u00e9die de Clermont<br>&#8212;<br><strong>03.04<\/strong> \/ <em>AVANT-PREMI\u00c8RE<\/em>\u00a0\/ Ferme de la F\u00f4ret \/ St-Trivier-de-Courtes<br><strong>25.04<\/strong>\u00a0\/ <em>PREMI\u00c8RE<\/em>\u00a0\/ Sc\u00e8ne d\u00e9couverte danse desoblique \/ Lyon<br><strong>27.04<\/strong>\u00a0\/ Coll\u00e8ge de l&rsquo;Huppe \/ Montrevel-en-Bresse<em> \/ s\u00e9ance scolaire<\/em><br><strong>28.04<\/strong>\u00a0\/ Ferme du Vinatier en collaboration avec P\u00f4le Pik\u00a0\/ Lyon<br><strong>10.05<\/strong>\u00a0\/\u00a0Festival Printemps des arts\u00a0\/ Corveissiat<br><strong>26, 27, 28 &amp; 29.05<\/strong>\u00a0\/ Th\u00e9\u00e2tre le Ciel hors-les-murs\u00a0\/ Billom<br><strong>09.06<\/strong>\u00a0\/ Coll\u00e8ge de\u00a0Ch\u00e2tillon-sur-Chalaronne <em>\/ s\u00e9ance scolaire<\/em><br><strong>04 &amp; 05.07<\/strong>\u00a0\/ Les Zaccros d&rsquo;ma rue\u00a0\/ Nevers <br><strong>03.09<\/strong>\u00a0\/ Festival T&rsquo;en veux en corps ?#13\u00a0\/ Le grand R&rsquo; \/ Etrez<br><strong>04.09<\/strong> \/ Festival T&rsquo;en veux en corps ?#13\u00a0\/ EHPAD La Montagne \/ Ch\u00e2tillon-sur-Chalaronne<br><strong>20.09<\/strong>\u00a0\/ Th\u00e9\u00e2tre la Mouche \/ Saint-Genis-Laval <br><strong>14.11<\/strong>\u00a0\/ Th\u00e9\u00e2tre de Cusset\u00a0(<em><em>dans le cadre de <\/em>la nuit du cirque<\/em>)<\/p>\n\n\n\n<p><a href=\"http:\/\/groupenuits.com\/index.php\/ce-qui-nous-lie\/\"><strong>GRAND BAL<\/strong><\/a> &#8211; cr\u00e9ation 2024<br><strong>23.04<\/strong> \/ Th\u00e9\u00e2tre l&rsquo;Astr\u00e9e \/ Lyon<\/p>\n\n\n\n<h2 class=\"wp-block-heading\">2025<\/h2>\n\n\n\n<p><a href=\"http:\/\/groupenuits.com\/index.php\/ce-qui-nous-lie\/\"><strong>FRAGILE<\/strong><\/a> &#8211; cr\u00e9ation 2026<br><strong>26.09.25<\/strong> \/\/ maquette &#8211; Biennale de la danse &#8211; Sc\u00e8ne d\u00e9couverte danse desoblique &#8211; Lyon (FR;69)<br><strong>du 01 au 05.09.25<\/strong> \/\/ r\u00e9sidence &#8211; Th\u00e9\u00e2tre de Cusset (FR;03) <br><strong><strong>18 au 22.08.25<\/strong> <\/strong>\/\/ r\u00e9sidence &#8211; Th\u00e9\u00e2tre La mouche &#8211; Saint-Genis-Laval (FR;69)<strong><br>13 &amp; 14.06.25<\/strong> \/\/ \u00e9tape de travail &#8211; Monast\u00e8re Royal de Brou en partenariat avec la Sc\u00e8ne Nationale de Bourg-en-Bresse (FR;01)<br><strong>05.06.25<\/strong> \/\/ maquette &#8211; La route d&rsquo;\u00e9t\u00e9 du groupe des 20 &#8211; Th\u00e9\u00e2tre du Vellein &#8211; Villefontaine (FR;38)<br><strong>&gt;&gt; R\u00e9sidence chor\u00e9graphique de territoire <\/strong>sur la commune de Ch\u00e2tillon et alentours de septembre 2025 \u00e0 juin 2026<\/p>\n\n\n\n<p><a href=\"http:\/\/groupenuits.com\/index.php\/ce-qui-nous-lie\/\"><strong>GRAND BAL<\/strong><\/a> &#8211; cr\u00e9ation 2024<br><strong>14.06.25<\/strong> &#8211; Th\u00e9\u00e2tre Le ciel &#8211; Lyon (FR;69)<\/p>\n\n\n\n<p><strong><em>&gt;&gt; GRAND BOOM<\/em><\/strong><br><strong>19.12.25<\/strong> &#8211; Centre Social A. Mercier &#8211; Bourg-en-Bresse (FR;01)<br><strong>18.12.<strong>25<\/strong><\/strong> &#8211; CPA &#8211; Bourg-en-Bresse (FR;01) <br><strong>23.08.25<\/strong> &#8211; La voix des colporteurs &#8211; Simandre-sur-Suran (FR;01)<br><strong>28.06.25<\/strong> &#8211; SMAC La Tannerie &#8211; Bourg-en-Bresse (FR;01)<br><strong>29.03.25<\/strong> &#8211; Sc\u00e8ne Nationale de Bourg-en-Bresse en partenariat avec la Cie Institout (FR;01)<\/p>\n\n\n\n<p><a href=\"http:\/\/groupenuits.com\/index.php\/ce-qui-nous-lie\/\"><strong>CE QUI NOUS LIE<\/strong><\/a> &#8211; cr\u00e9ation 2022<br><strong>26 &amp; 27.09.25<\/strong> &#8211; Festival Panique au dancing &#8211; Niort (FR;79)<br><strong>08.08.25<\/strong> &#8211; Festival Miral Menet &#8211; Cantal (FR;15)<br><strong>22.07.25<\/strong> &#8211; Festival Les m\u00e9t\u00e9ores &#8211; Th\u00e9\u00e2tre La mouche &#8211; Saint-Genis-Laval (FR;69)<br><strong>04 &amp; 05.04.24<\/strong> &#8211; Festival la ZAT &#8211; Montpellier (FR;34)<br><strong>23.03.25<\/strong> &#8211; Act&rsquo;Art &#8211; Ferme de Forest &#8211; Chaumes-en-Brie (FR;77)<\/p>\n\n\n\n<p><strong>&gt;&gt; J&rsquo;irai danser chez vous. Dispositif de rencontre \u00e0 l&rsquo;\u00e9chelle du quartier de la Croix Blanche en partenariat avec le Centre Social A.Mercier<\/strong><br>Retrouvez toute l&rsquo;\u00e9quipe <strong>du 06 au 10.10.25<\/strong>, du<strong> 17 au 21.11.25<\/strong> et du <strong>15 au 19.12.25<\/strong><\/p>\n\n\n\n<h2 class=\"wp-block-heading\">2024<\/h2>\n\n\n\n<p><a href=\"http:\/\/groupenuits.com\/index.php\/ce-qui-nous-lie\/\"><strong>CE QUI NOUS LIE<\/strong><\/a> &#8211; cr\u00e9ation 2022<br><strong>04.05.24<\/strong> &#8211; CCN Viadanse &#8211; Belfort (FR;90)<br><strong>05.05.24<\/strong> &#8211; Festival S\u00e8me ton Cirque &#8211; Saint-Julien-de-Civry (FR;71)<br><strong>25.05.24<\/strong> &#8211; Essonne Danse &#8211; Orsay (FR;91)<br><strong>06.06.24<\/strong> &#8211; Essonne Danse &#8211; Espace Marcel Carn\u00e9 &#8211; Saint-Michel-sur-Orge (FR;91)<br><strong>08.06.24<\/strong> &#8211; F\u00eate de quartier du Centre Social Amed\u00e9e Mercier &#8211; Bourg-en-Bresse (FR;01)<br><strong>14.06.24<\/strong> &#8211; Festival Back in town &#8211; Clermont-Ferrand (FR;63)<br><strong>22.06.24<\/strong> &#8211; Essonne Danse &#8211; Verri\u00e8res-le-Buisson (FR;91) <\/p>\n\n\n\n<p><strong>30.06.24<\/strong> &#8211; Espace 600 &#8211; Grenoble (FR;38)<br><strong>12.10.24<\/strong> &#8211; Tour de danses &#8211; Sc\u00e8ne Faramine &#8211; Pierre Perthuis (FR;89)<br><br><br><a href=\"http:\/\/groupenuits.com\/index.php\/1288-2\/\"><strong>FIN DE LUTTES<\/strong><\/a> &#8211; cr\u00e9ation 2023<br>26.03.24 \u00e0 19h19 &#8211; Festival Chaos Danse &#8211; Th\u00e9\u00e2tre de l&rsquo;Astr\u00e9e &#8211; Lyon (FR;69)<br>05.10.24 \u00e0 20h &#8211; Tour de danses &#8211; Th\u00e9\u00e2tre du Pilier &#8211; Giromagny (FR;90)<br><br><strong><a href=\"https:\/\/groupenuits.com\/index.php\/bal-pop\/\">GRAND BAL<\/a><\/strong> &#8211; cr\u00e9ation partag\u00e9e<br><strong>18.05.24 \u00e0 17h<\/strong> &#8211; Ecomus\u00e9e &#8211; Saint Etienne du Bois (FR;01)<br>Un projet participatif mis en place par le Grand Bourg &amp; la ville de Bourg-en-Bresse qui r\u00e9unit une vingtaine de participant.e.s.<br><strong>01.06.24 de 18h \u00e0 23h<\/strong> &#8211; Jardin Lecoq &#8211; Clermont-Ferrand (FR;63)<br>Un projet participatif mis en place par la ville de Clermont-Ferrand qui r\u00e9unit une centaine de participant.e.s.<br><strong>14.07.24 \u00e0 21h30<\/strong> &#8211; Les Subs pour le bal du 14 juillet (FR;69) <\/p>\n\n\n\n<p><strong>12.09.24<\/strong> &#8211; MJC POP CORN dans le cadre du festival T&rsquo;en veux en corps ? #12 &#8211; Bourg-en-Bresse (FR;01) <\/p>\n\n\n\n<p><strong>21.12.24<\/strong> &#8211; La maison du cirque en partenariat avec l&rsquo;ETAC &#8211; Bourg-en-Bresse (FR;01)<\/p>\n\n\n\n<p><strong>CA TIENT A RIEN<\/strong> &#8211; Performances pour les SUBS<br><\/p>\n\n\n\n<h2 class=\"wp-block-heading\">2023<\/h2>\n\n\n\n<figure class=\"wp-block-table\"><table><tbody><tr><td><strong>du 9 au 12 janvier&nbsp;<br><\/strong>FIN DE LUTTES &#8211; R\u00e9sidence de cr\u00e9ation <br>Esplanade du lac (Divonne-les-Bains,01)<br><strong>13 janvier&nbsp;<\/strong><br>FIN DE LUTTES &#8211; PREMIERES<br>Esplanade du lac (Divonne-les-Bains,01)<br><strong>16 au 19 janvier&nbsp;<br><\/strong>FIN DE LUTTES &#8211; R\u00e9sidence de cr\u00e9ation <br>Th\u00e9\u00e2tre d&rsquo;Aurillac &#8211; sc\u00e8ne conventionn\u00e9e Art et territoire (15)<br><strong>21 janvier&nbsp;<br><\/strong>FIN DE LUTTES<br>Th\u00e9\u00e2tre d&rsquo;Aurillac &#8211; sc\u00e8ne conventionn\u00e9e Art et territoire (15)<br><strong>31 janvier, 1, 2 f\u00e9vrier&nbsp;<br><\/strong>BRUT. <br>L&rsquo;Allegro (Belley,01)<br><strong>4 f\u00e9vrier<\/strong><br>FIN DE LUTTES<br>Th\u00e9\u00e2tre Le Vellein (Villefontaine, 38)<br><strong>23 au 25 mai&nbsp;<br><\/strong>FIN DE LUTTES<br>Sc\u00e8ne Nationale de Bourg-en-Bresse (01)<br><strong>13.01.24 \u00e0 20h <\/strong><br>FIN DE LUTTES<br>Maison de l&rsquo;Oradou &#8211; Clermont-Ferrand (FR;63)<br><strong>06.12.23 \u00e0 18h30<\/strong> <br>FIN DE LUTTES<br>Th\u00e9\u00e2tre le Vellein, Sc\u00e8nes de la CAPI &#8211; Salle de l&rsquo;Isle d&rsquo;Abeau (FR;38)<br><strong>du 19 au 21.12.23 \u00e0 20h<\/strong> <br>FIN DE LUTTES<br>Th\u00e9\u00e2tre des Penitents &#8211; Montbrison (FR;42)<\/td><\/tr><\/tbody><\/table><\/figure>\n\n\n\n<h2 class=\"wp-block-heading\">2022<\/h2>\n\n\n\n<figure class=\"wp-block-table\"><table><tbody><tr><td><strong>du 3 au 7 janvier<br><\/strong>CE QUI NOUS LIE &#8211; r\u00e9sidence de cr\u00e9ation<br>Coll\u00e8ge de Brou, Bourg-en-Bresse (01)<br><strong>5 janvier<br><\/strong>FIN DE LUTTES &#8211; pr\u00e9sentation route des 20<br>(Bourg-en-Bresse, 01)<br><strong>21 janvier<br><\/strong>FIN DE LUTTES &#8211; pr\u00e9sentation plateaux chor\u00e9graphiques DRAC AURA<br><strong>30 janvier<br><\/strong>M\u00db<br>(Montsalvy, 15)<br><strong>du 7 au 11 f\u00e9vrier<br><\/strong>CE QUI NOUS LIE &#8211; r\u00e9sidence de cr\u00e9ation<br>Coll\u00e8ge de Brou, Bourg-en-Bresse (01)<br><strong>du 28 mars au 2 avril<br><\/strong>CE QUI NOUS LIE &#8211; r\u00e9sidence de cr\u00e9ation<br>Coll\u00e8ge de Brou, Bourg-en-Bresse (01)<br><strong>7 avril<br><\/strong>R\u00e9sonance du PREAC danse \u00ab\u00a0Remettre en jeu les espaces de cr\u00e9ation\u00a0\u00bb<br>Sc\u00e8ne Nationale de Bourg-en-Bresse (01)<br><strong>8 avril<br><\/strong>CE QUI NOUS LIE<br>Lyc\u00e9e du Bugey (Belley,01)<br><strong>13 avril<br><\/strong>CE QUI NOUS LIE<br>Festival Hopla ! (Bruxelles, Be)<br><strong>4 mai<br><\/strong>CE QUI NOUS LIE<br>Lyc\u00e9e agricole de Saint-Flour (15)<br><strong>8 mai<br><\/strong>CE QUI NOUS LIE<br>Connexion \u00e9v\u00e8nement de la ville de Bourg-en-Bresse (01)<br><strong>13 et 14 mai<\/strong><br>CE QUI NOUS LIE<br>Les SUBS (Lyon, 69)<br><strong>18 mai<br><\/strong>CE QUI NOUS LIE<br>Coll\u00e8ge de Brou (Bourg-en-Bresse, 01)<br><strong>20 mai<br><\/strong>CE QUI NOUS LIE<br>Th\u00e9\u00e2tre d&rsquo;Aurillac (15)<br><strong>du 23 au 28 mai<br><\/strong>FIN DE LUTTES &#8211; R\u00e9sidence de cr\u00e9ation<br>Latitude 50 (Marchin, Be)<br><strong>13 juin<br><\/strong>BRUT.<br>Laroquebrou (15)<br><strong>14 juin<br><\/strong>BRUT.<br>Mauriac (15)<br><strong>15 juin<br><\/strong>M\u00db<br>Drugeac (15)<br><strong>18 juin<br><\/strong>CE QUI NOUS LIE<br>Eaubonne en f\u00eate (Eaubonne, 95)<br><strong>26 juin<br><\/strong>CE QUI NOUS LIE<br>Et 20 l&rsquo;\u00e9t\u00e9 (Paris 20)<br><strong>29 juin<\/strong><br>CE QUI NOUS LIE<br>Marais du Cassans dans le cadre des Espaces Naturels Sensibles du Cantal (15)<br><strong>du 4 au 14 juillet<br><\/strong>FIN DE LUTTES &#8211; r\u00e9sidence de cr\u00e9ation<br>Sc\u00e8ne Nationale de Bourg-en-Bresse (01)<br><strong>16 juillet<br><\/strong>BRUT.<br>Espace 600 (Grenoble, 38)<br><strong>18 juillet<br><\/strong>BRUT.<br>L&rsquo;\u00e9t\u00e9 sera Lons (Lons-le-Saunier, 39)<br><strong>20 juillet<br><\/strong>CE QUI NOUS LIE<br>Marais du Cassans dans le cadre des Espaces Naturels Sensibles du Cantal (15)<br><strong>17, 18 19, 20 ao\u00fbt<br><\/strong>CE QUI NOUS LIE<br>Festival International de th\u00e9\u00e2tre de rue &#8211; Festival d&rsquo;Aurillac (15)<br><strong>9 septembre <br><\/strong>BAL PoP ! <br>Festival T&rsquo;en veux en corps?#11 &#8211; Sc\u00e8ne nationale de Bourg-en-Bresse (01)<br><strong>du 13 au 21 septembre <br><\/strong>FIN DE LUTTES &#8211; r\u00e9sidence de cr\u00e9ation<br>Sc\u00e8ne Nationale de Bourg-en-Bresse (01)<br><strong>24, 25 septembre&nbsp;<br><\/strong>CE QUI NOUS LIE <br>Les f\u00eates Romanes (Bruxelles, Be)<br><strong>1er octobre&nbsp;<br><\/strong>BAL PoP !  <br>Parc H\u00e9litas (Aurillac, 15)<br><strong>3 octobre <br><\/strong>CE QUI NOUS LIE   <br>Coll\u00e8ge de Montsalvy (15)<br><strong>4 octobre <br><\/strong>CE QUI NOUS LIE<br>Lyc\u00e9e de Haute Auvergne (Saint-Flour,15)<br><strong>du 25 au 28 octobre <br><\/strong>FIN DE LUTTES &#8211; r\u00e9sidence de cr\u00e9ation<br>Esplanade du lac (Divonne-les-Bains,01)<br><strong>du 31 octobre au 05 novembre<br><\/strong>FIN DE LUTTES &#8211; r\u00e9sidence de cr\u00e9ation <br>Th\u00e9\u00e2tre d&rsquo;Aurillac &#8211; sc\u00e8ne conventionn\u00e9e Art et territoire (15)<br><strong>10 d\u00e9cembre&nbsp;<br><\/strong>M\u00db <br>M\u00e9diath\u00e8que de Nantua (01)<br><strong>du 12 au 22 d\u00e9cembre <br><\/strong>FIN DE LUTTES &#8211; r\u00e9sidence de cr\u00e9ation<br>MJC POP CORN (Bourg-en-Bresse, 01)<br><br><\/td><\/tr><\/tbody><\/table><\/figure>\n\n\n\n<h2 class=\"wp-block-heading\">2021<\/h2>\n\n\n\n<figure class=\"wp-block-table\"><table><tbody><tr><td><strong>7 mai&nbsp;<\/strong><br><em>BRUT.<br><\/em>Tanzfest &#8211; B\u00e2le&nbsp; (CH)<br><strong>8 mai<\/strong><br><em>BRUT.<\/em><br>Tanzfest &#8211; Yverdon (CH)<br><strong>4 juin<\/strong><br><em>BRUT.<\/em><br>MontSalvy (15)<br><strong>7 juin<\/strong><br><em>BRUT.<\/em><br>Chaudes-Aigues (15)&nbsp;<br><strong>8 juin<\/strong><br><em>BRUT.<\/em><br>Saint-Martin-Valmeroux (15)<br><strong>19 et 20 juin<\/strong><br><em>BRUT.<\/em><br>Festival Hopla! &#8211; Bruxelles (BE)<br><strong>5 juillet<\/strong><br><em>BRUT.<\/em><br>MCC Bourg-en-Bresse (01)<br><strong>29 ao\u00fbt<\/strong><br><em>BRUT.<\/em><br>La Manufacture des id\u00e9es &#8211; Hurigny (71)<br><strong>3 septembre<br><\/strong>BRUT. <br>Th\u00e9\u00e2tre d&rsquo;Aurillac (15)<br><strong>4 septembre<br><\/strong>BRUT <br>Ville d&rsquo;Agen (47)<br><strong>5 septembre<br><\/strong>BRUT. <br>Mandailles (15)<br><strong>du 6 au 16 septembre<br><\/strong>M\u00db &#8211; r\u00e9sidence de cr\u00e9ation <br>Cantal (15)<br><strong>17 septembre<\/strong><br>M\u00db  <br>Centre social du cap Blanc (Aurillac, 15)<br><strong>18 septembre<\/strong><br>M\u00db <br>Les Granges &#8211; La Fabrique artistique (Vic sur C\u00e8re, 15)<br><strong>du 20 septembre au 2 octobre<br><\/strong>CE QUI NOUS LIE &#8211; r\u00e9sidence de cr\u00e9ation<br>ENSATT Lyon (69) <br><strong>du 11 au 15 octobre<br><\/strong>FIN DE LUTTES &#8211; laboratoire d&rsquo;exp\u00e9rimentations<br>Studio Chatha, Lyon (69)<br><strong>15 au 19 novembre <br><\/strong>CE QUI NOUS LIE &#8211; r\u00e9sidence de cr\u00e9ation <br>La Manufacture d&rsquo;Aurillac (15)<br><strong>du 6 au 18 d\u00e9cembre <br><\/strong>FIN DE LUTTES &#8211; r\u00e9sidence de cr\u00e9ation <br>La Manufacture d&rsquo;Aurillac (15)<\/td><\/tr><\/tbody><\/table><\/figure>\n","protected":false},"excerpt":{"rendered":"<p>2026 FRAGILE &#8211; cr\u00e9ation 202613\u00a0au 17.04\u00a0\/ r\u00e9sidence \/\u00a0P\u00f4le Pik en partenariat avec les Utopistes \/ Bron16 au 20.02\u00a0\/ r\u00e9sidence \/\u00a0Com\u00e9die de Clermont05 au 10.01\u00a0\/ r\u00e9sidence \/\u00a0Maison du Cirque\u00a0\/ Bourg-en-Bresse&#8212;17.04 \u00e0 15h\u00a0\/ sortie de r\u00e9sidence \/ P\u00f4le Pik\u00a0\/ Bron20.02 \u00e0 18h\u00a0\/ sortie de r\u00e9sidence \/\u00a0Com\u00e9die de Clermont&#8212;03.04 \/ AVANT-PREMI\u00c8RE\u00a0\/ Ferme de la F\u00f4ret \/ St-Trivier-de-Courtes25.04\u00a0\/ PREMI\u00c8RE\u00a0\/&hellip;&nbsp;<a href=\"https:\/\/groupenuits.com\/index.php\/calendrier\/\" rel=\"bookmark\">Lire la suite &raquo;<span class=\"screen-reader-text\">calendrier<\/span><\/a><\/p>\n","protected":false},"author":1,"featured_media":0,"parent":0,"menu_order":0,"comment_status":"closed","ping_status":"closed","template":"","meta":{"neve_meta_sidebar":"","neve_meta_container":"","neve_meta_enable_content_width":"","neve_meta_content_width":0,"neve_meta_title_alignment":"","neve_meta_author_avatar":"","neve_post_elements_order":"","neve_meta_disable_header":"","neve_meta_disable_footer":"","neve_meta_disable_title":"on","footnotes":""},"_links":{"self":[{"href":"https:\/\/groupenuits.com\/index.php\/wp-json\/wp\/v2\/pages\/34"}],"collection":[{"href":"https:\/\/groupenuits.com\/index.php\/wp-json\/wp\/v2\/pages"}],"about":[{"href":"https:\/\/groupenuits.com\/index.php\/wp-json\/wp\/v2\/types\/page"}],"author":[{"embeddable":true,"href":"https:\/\/groupenuits.com\/index.php\/wp-json\/wp\/v2\/users\/1"}],"replies":[{"embeddable":true,"href":"https:\/\/groupenuits.com\/index.php\/wp-json\/wp\/v2\/comments?post=34"}],"version-history":[{"count":80,"href":"https:\/\/groupenuits.com\/index.php\/wp-json\/wp\/v2\/pages\/34\/revisions"}],"predecessor-version":[{"id":2082,"href":"https:\/\/groupenuits.com\/index.php\/wp-json\/wp\/v2\/pages\/34\/revisions\/2082"}],"wp:attachment":[{"href":"https:\/\/groupenuits.com\/index.php\/wp-json\/wp\/v2\/media?parent=34"}],"curies":[{"name":"wp","href":"https:\/\/api.w.org\/{rel}","templated":true}]}}